{"id":8,"date":"2016-06-06T18:04:00","date_gmt":"2016-06-06T15:04:00","guid":{"rendered":"http:\/\/anatoliajournal.com\/hizmetodulleri\/?page_id=8"},"modified":"2022-05-24T16:14:18","modified_gmt":"2022-05-24T13:14:18","slug":"amac","status":"publish","type":"page","link":"https:\/\/anatoliajournal.com\/hizmetodulleri\/amac\/","title":{"rendered":"Ama\u00e7"},"content":{"rendered":"<p style=\"text-align: justify;\"><strong><em>Anatolia Turizm E\u011fitimine Hizmet \u00d6d\u00fclleri,<\/em><\/strong> \u00fclkemizde turizm ara\u015ft\u0131rmalar\u0131 ve e\u011fitimi alan\u0131ndaki kurumsalla\u015fman\u0131n yayg\u0131nla\u015ft\u0131r\u0131lmas\u0131 ve alana katk\u0131 yapanlar\u0131n onurland\u0131r\u0131lmas\u0131 amac\u0131yla d\u00fczenlenen bir etkinliktir. Hizmet \u00f6d\u00fcl\u00fc verilen akademisyen ve ara\u015ft\u0131rmac\u0131lar Anatolia: Turizm Ara\u015ft\u0131rmalar\u0131 Dergisi bilim kurulu \u00fcyelerinin onay\u0131 ile belirlenmektedir. \u00d6d\u00fcller, aktif \u00e7al\u0131\u015fma ya\u015fam\u0131n\u0131 geride b\u0131rakan veya emeklilik d\u00f6nemine girmek \u00fczere olan akademisyen ve ara\u015ft\u0131rmac\u0131lara verilmektedir.<\/p>\n\n\n<h4 class=\"has-text-align-center\"><\/h4>\n","protected":false},"excerpt":{"rendered":"<p>Anatolia Turizm E\u011fitimine Hizmet \u00d6d\u00fclleri, \u00fclkemizde turizm ara\u015ft\u0131rmalar\u0131 ve e\u011fitimi alan\u0131ndaki kurumsalla\u015fman\u0131n yayg\u0131nla\u015ft\u0131r\u0131lmas\u0131 ve alana katk\u0131 yapanlar\u0131n onurland\u0131r\u0131lmas\u0131 amac\u0131yla d\u00fczenlenen bir etkinliktir. Hizmet \u00f6d\u00fcl\u00fc verilen akademisyen ve ara\u015ft\u0131rmac\u0131lar Anatolia: Turizm Ara\u015ft\u0131rmalar\u0131 Dergisi bilim kurulu \u00fcyelerinin onay\u0131 ile belirlenmektedir. \u00d6d\u00fcller, aktif &hellip; <a href=\"https:\/\/anatoliajournal.com\/hizmetodulleri\/amac\/\">Okumaya devam et <span class=\"meta-nav\">&rarr;<\/span><\/a><\/p>\n","protected":false},"author":2,"featured_media":0,"parent":0,"menu_order":0,"comment_status":"closed","ping_status":"closed","template":"","meta":[],"_links":{"self":[{"href":"https:\/\/anatoliajournal.com\/hizmetodulleri\/wp-json\/wp\/v2\/pages\/8"}],"collection":[{"href":"https:\/\/anatoliajournal.com\/hizmetodulleri\/wp-json\/wp\/v2\/pages"}],"about":[{"href":"https:\/\/anatoliajournal.com\/hizmetodulleri\/wp-json\/wp\/v2\/types\/page"}],"author":[{"embeddable":true,"href":"https:\/\/anatoliajournal.com\/hizmetodulleri\/wp-json\/wp\/v2\/users\/2"}],"replies":[{"embeddable":true,"href":"https:\/\/anatoliajournal.com\/hizmetodulleri\/wp-json\/wp\/v2\/comments?post=8"}],"version-history":[{"count":4,"href":"https:\/\/anatoliajournal.com\/hizmetodulleri\/wp-json\/wp\/v2\/pages\/8\/revisions"}],"predecessor-version":[{"id":773,"href":"https:\/\/anatoliajournal.com\/hizmetodulleri\/wp-json\/wp\/v2\/pages\/8\/revisions\/773"}],"wp:attachment":[{"href":"https:\/\/anatoliajournal.com\/hizmetodulleri\/wp-json\/wp\/v2\/media?parent=8"}],"curies":[{"name":"wp","href":"https:\/\/api.w.org\/{rel}","templated":true}]}}