{"id":28,"date":"2016-06-06T21:00:00","date_gmt":"2016-06-06T18:00:00","guid":{"rendered":"http:\/\/anatoliajournal.com\/hizmetodulleri\/?page_id=28"},"modified":"2022-05-24T22:31:52","modified_gmt":"2022-05-24T19:31:52","slug":"2016-yili-odulleri","status":"publish","type":"page","link":"https:\/\/anatoliajournal.com\/hizmetodulleri\/gecmis-oduller\/2016-yili-odulleri\/","title":{"rendered":"2016 Y\u0131l\u0131 \u00d6d\u00fclleri"},"content":{"rendered":"<p style=\"text-align: center;\"><strong>\u00d6d\u00fcl t\u00f6reni tarihi:<\/strong> 29 Nisan 2016<br \/>\n<strong>Yer:<\/strong> Hotel Alt\u0131nyaz\u0131, Avanos\/Nev\u015fehir<\/p>\n<hr align=\"\u201dcenter\u201d\" size=\"\u201d3\u2033\" width=\"\u201d50%\u201d\" \/>\n<h4 style=\"text-align: center;\"><strong>Prof. Dr. Tunca Toskay<br \/>\n<\/strong>\u0130stanbul \u00dcniversitesi, <span style=\"line-height: 1.6;\">Milletvekili, <\/span><span style=\"line-height: 1.6;\">Devlet Eski Bakan\u0131.<\/span><\/h4>\n<hr \/>\n<h4 style=\"text-align: center;\"><strong>\u00d6d\u00fcl sunum dosyas\u0131 i\u00e7in <a href=\"http:\/\/anatoliajournal.com\/hizmetodulleri\/wp-content\/uploads\/2016\/06\/2016.pdf\">t\u0131klay\u0131n\u0131z&#8230;<\/a><\/strong><\/h4>\n<hr align=\"\u201dcenter\u201d\" size=\"\u201d3\u2033\" width=\"\u201d50%\u201d\" \/>\n<div style=\"text-align: center;\"><img loading=\"lazy\" class=\"fancybox aligncenter\" src=\"http:\/\/anatoliajournal.com\/hizmetodulleri\/wp-content\/uploads\/2016\/06\/tuncatoskay2.jpg\" width=\"375\" height=\"359\" \/><\/div>\n","protected":false},"excerpt":{"rendered":"<p>\u00d6d\u00fcl t\u00f6reni tarihi: 29 Nisan 2016 Yer: Hotel Alt\u0131nyaz\u0131, Avanos\/Nev\u015fehir Prof. Dr. Tunca Toskay \u0130stanbul \u00dcniversitesi, Milletvekili, Devlet Eski Bakan\u0131. \u00d6d\u00fcl sunum dosyas\u0131 i\u00e7in t\u0131klay\u0131n\u0131z&#8230;<\/p>\n","protected":false},"author":2,"featured_media":0,"parent":18,"menu_order":5,"comment_status":"closed","ping_status":"closed","template":"","meta":[],"_links":{"self":[{"href":"https:\/\/anatoliajournal.com\/hizmetodulleri\/wp-json\/wp\/v2\/pages\/28"}],"collection":[{"href":"https:\/\/anatoliajournal.com\/hizmetodulleri\/wp-json\/wp\/v2\/pages"}],"about":[{"href":"https:\/\/anatoliajournal.com\/hizmetodulleri\/wp-json\/wp\/v2\/types\/page"}],"author":[{"embeddable":true,"href":"https:\/\/anatoliajournal.com\/hizmetodulleri\/wp-json\/wp\/v2\/users\/2"}],"replies":[{"embeddable":true,"href":"https:\/\/anatoliajournal.com\/hizmetodulleri\/wp-json\/wp\/v2\/comments?post=28"}],"version-history":[{"count":12,"href":"https:\/\/anatoliajournal.com\/hizmetodulleri\/wp-json\/wp\/v2\/pages\/28\/revisions"}],"predecessor-version":[{"id":837,"href":"https:\/\/anatoliajournal.com\/hizmetodulleri\/wp-json\/wp\/v2\/pages\/28\/revisions\/837"}],"up":[{"embeddable":true,"href":"https:\/\/anatoliajournal.com\/hizmetodulleri\/wp-json\/wp\/v2\/pages\/18"}],"wp:attachment":[{"href":"https:\/\/anatoliajournal.com\/hizmetodulleri\/wp-json\/wp\/v2\/media?parent=28"}],"curies":[{"name":"wp","href":"https:\/\/api.w.org\/{rel}","templated":true}]}}