{"id":20,"date":"2016-06-06T20:57:58","date_gmt":"2016-06-06T17:57:58","guid":{"rendered":"http:\/\/anatoliajournal.com\/hizmetodulleri\/?page_id=20"},"modified":"2022-05-24T20:48:51","modified_gmt":"2022-05-24T17:48:51","slug":"2008-yili-odulleri","status":"publish","type":"page","link":"https:\/\/anatoliajournal.com\/hizmetodulleri\/gecmis-oduller\/2008-yili-odulleri\/","title":{"rendered":"2008 Y\u0131l\u0131 \u00d6d\u00fclleri"},"content":{"rendered":"<h4 style=\"text-align: center;\"><strong>\u00d6d\u00fcl t\u00f6reni tarihi:<\/strong> 26 Nisan 2008<br \/>\n<span style=\"line-height: 1.2; text-align: center;\"><strong>Yer:<\/strong> Otium Zeynep Otel, Belek, Antalya<\/span><\/h4>\n<h4 style=\"text-align: center;\"><strong>Prof. Dr. Turgut Var<\/strong><br \/>\nTexas A&amp;M University , \u0130zmir Ekonomi \u00dcniversitesi<\/h4>\n<h4 style=\"text-align: center;\"><strong>Prof. Dr. Meral Korzay<\/strong><br \/>\nBo\u011fazi\u00e7i \u00dcniversitesi<\/h4>\n<h4 style=\"text-align: center;\"><strong>Prof. Dr. Cemil Boyac\u0131<\/strong><br \/>\nAkdeniz \u00dcniversitesi<\/h4>\n<h4 style=\"text-align: center;\"><strong>Prof. Dr. Kubilay Baysal<\/strong><br \/>\n\u0130stanbul \u00dcniversitesi<\/h4>\n<h4 style=\"text-align: center;\"><strong>Prof. Dr. Alparslan Usal<\/strong><br \/>\nDokuz Eyl\u00fcl \u00dcniversitesi<\/h4>\n<h4 style=\"text-align: center;\"><strong>Yrd. Do\u00e7. Dr. \u015eule \u00c7etin<\/strong><br \/>\nMersin \u00dcniversitesi<\/h4>\n<hr align=\"\u201dcenter\u201d\" size=\"\u201d3\u2033\" width=\"\u201d50%\u201d\" \/>\n<div align=\"center\"><img class=\"fancybox\" src=\"http:\/\/anatoliajournal.com\/hizmetodulleri\/wp-content\/uploads\/2016\/06\/toplu2008.jpg\" \/><\/div>\n","protected":false},"excerpt":{"rendered":"<p>\u00d6d\u00fcl t\u00f6reni tarihi: 26 Nisan 2008 Yer: Otium Zeynep Otel, Belek, Antalya Prof. Dr. Turgut Var Texas A&amp;M University , \u0130zmir Ekonomi \u00dcniversitesi Prof. Dr. Meral Korzay Bo\u011fazi\u00e7i \u00dcniversitesi Prof. Dr. Cemil Boyac\u0131 Akdeniz \u00dcniversitesi Prof. Dr. Kubilay Baysal \u0130stanbul &hellip; <a href=\"https:\/\/anatoliajournal.com\/hizmetodulleri\/gecmis-oduller\/2008-yili-odulleri\/\">Okumaya devam et <span class=\"meta-nav\">&rarr;<\/span><\/a><\/p>\n","protected":false},"author":2,"featured_media":0,"parent":18,"menu_order":1,"comment_status":"closed","ping_status":"closed","template":"","meta":[],"_links":{"self":[{"href":"https:\/\/anatoliajournal.com\/hizmetodulleri\/wp-json\/wp\/v2\/pages\/20"}],"collection":[{"href":"https:\/\/anatoliajournal.com\/hizmetodulleri\/wp-json\/wp\/v2\/pages"}],"about":[{"href":"https:\/\/anatoliajournal.com\/hizmetodulleri\/wp-json\/wp\/v2\/types\/page"}],"author":[{"embeddable":true,"href":"https:\/\/anatoliajournal.com\/hizmetodulleri\/wp-json\/wp\/v2\/users\/2"}],"replies":[{"embeddable":true,"href":"https:\/\/anatoliajournal.com\/hizmetodulleri\/wp-json\/wp\/v2\/comments?post=20"}],"version-history":[{"count":8,"href":"https:\/\/anatoliajournal.com\/hizmetodulleri\/wp-json\/wp\/v2\/pages\/20\/revisions"}],"predecessor-version":[{"id":786,"href":"https:\/\/anatoliajournal.com\/hizmetodulleri\/wp-json\/wp\/v2\/pages\/20\/revisions\/786"}],"up":[{"embeddable":true,"href":"https:\/\/anatoliajournal.com\/hizmetodulleri\/wp-json\/wp\/v2\/pages\/18"}],"wp:attachment":[{"href":"https:\/\/anatoliajournal.com\/hizmetodulleri\/wp-json\/wp\/v2\/media?parent=20"}],"curies":[{"name":"wp","href":"https:\/\/api.w.org\/{rel}","templated":true}]}}