{"id":60,"date":"2021-07-26T17:37:57","date_gmt":"2021-07-26T14:37:57","guid":{"rendered":"https:\/\/anatoliajournal.com\/fotograf\/?page_id=60"},"modified":"2026-02-16T18:35:45","modified_gmt":"2026-02-16T15:35:45","slug":"secici-kurul","status":"publish","type":"page","link":"https:\/\/anatoliajournal.com\/fotograf\/secici-kurul\/","title":{"rendered":"SE\u00c7\u0130C\u0130 KURUL"},"content":{"rendered":"<table style=\"border-collapse: collapse; width: 107.344%; height: 164px;\">\n<tbody>\n<tr style=\"height: 154px;\">\n<td style=\"width: 25%; height: 154px;\"><img loading=\"lazy\" decoding=\"async\" class=\"alignnone wp-image-2930 size-full\" src=\"http:\/\/anatoliajournal.com\/fotograf\/wp-content\/uploads\/2026\/02\/resim.jpg\" alt=\"\" width=\"225\" height=\"225\" srcset=\"https:\/\/anatoliajournal.com\/fotograf\/wp-content\/uploads\/2026\/02\/resim.jpg 225w, https:\/\/anatoliajournal.com\/fotograf\/wp-content\/uploads\/2026\/02\/resim-150x150.jpg 150w\" sizes=\"auto, (max-width: 225px) 100vw, 225px\" \/><\/td>\n<td style=\"width: 25%; height: 154px;\"><img loading=\"lazy\" decoding=\"async\" class=\"alignnone wp-image-2495 \" src=\"http:\/\/anatoliajournal.com\/fotograf\/wp-content\/uploads\/2024\/08\/Filiz-Hosukoglu-1-233x300.jpg\" alt=\"\" width=\"115\" height=\"147\" srcset=\"https:\/\/anatoliajournal.com\/fotograf\/wp-content\/uploads\/2024\/08\/Filiz-Hosukoglu-1-233x300.jpg 233w, https:\/\/anatoliajournal.com\/fotograf\/wp-content\/uploads\/2024\/08\/Filiz-Hosukoglu-1-797x1024.jpg 797w, https:\/\/anatoliajournal.com\/fotograf\/wp-content\/uploads\/2024\/08\/Filiz-Hosukoglu-1-768x987.jpg 768w, https:\/\/anatoliajournal.com\/fotograf\/wp-content\/uploads\/2024\/08\/Filiz-Hosukoglu-1-1195x1536.jpg 1195w, https:\/\/anatoliajournal.com\/fotograf\/wp-content\/uploads\/2024\/08\/Filiz-Hosukoglu-1-1593x2048.jpg 1593w, https:\/\/anatoliajournal.com\/fotograf\/wp-content\/uploads\/2024\/08\/Filiz-Hosukoglu-1-scaled.jpg 1991w\" sizes=\"auto, (max-width: 115px) 100vw, 115px\" \/><\/td>\n<td style=\"width: 25%; height: 154px;\"><img loading=\"lazy\" decoding=\"async\" class=\"alignnone wp-image-2924 size-medium\" src=\"http:\/\/anatoliajournal.com\/fotograf\/wp-content\/uploads\/2026\/02\/gorsel-296x300.jpg\" alt=\"\" width=\"296\" height=\"300\" srcset=\"https:\/\/anatoliajournal.com\/fotograf\/wp-content\/uploads\/2026\/02\/gorsel-296x300.jpg 296w, https:\/\/anatoliajournal.com\/fotograf\/wp-content\/uploads\/2026\/02\/gorsel-768x778.jpg 768w, https:\/\/anatoliajournal.com\/fotograf\/wp-content\/uploads\/2026\/02\/gorsel.jpg 800w\" sizes=\"auto, (max-width: 296px) 100vw, 296px\" \/><\/td>\n<td style=\"width: 32.3438%; height: 154px;\"><img loading=\"lazy\" decoding=\"async\" class=\"alignnone wp-image-2497 \" src=\"http:\/\/anatoliajournal.com\/fotograf\/wp-content\/uploads\/2024\/08\/Meryem-Akoglan-Prof.-Dr.-Kozak-1-233x300.jpg\" alt=\"\" width=\"114\" height=\"146\" srcset=\"https:\/\/anatoliajournal.com\/fotograf\/wp-content\/uploads\/2024\/08\/Meryem-Akoglan-Prof.-Dr.-Kozak-1-233x300.jpg 233w, https:\/\/anatoliajournal.com\/fotograf\/wp-content\/uploads\/2024\/08\/Meryem-Akoglan-Prof.-Dr.-Kozak-1-795x1024.jpg 795w, https:\/\/anatoliajournal.com\/fotograf\/wp-content\/uploads\/2024\/08\/Meryem-Akoglan-Prof.-Dr.-Kozak-1-768x990.jpg 768w, https:\/\/anatoliajournal.com\/fotograf\/wp-content\/uploads\/2024\/08\/Meryem-Akoglan-Prof.-Dr.-Kozak-1.jpg 880w\" sizes=\"auto, (max-width: 114px) 100vw, 114px\" \/><\/td>\n<\/tr>\n<tr style=\"height: 10px;\">\n<td style=\"width: 25%; vertical-align: top; height: 10px;\"><span style=\"font-size: 10pt; font-family: 'comic sans ms', sans-serif;\"><a href=\"https:\/\/www.linkedin.com\/in\/selim-yesilpinar-40558a1ba\/?originalSubdomain=cy\" target=\"_blank\" rel=\"noopener\"><span style=\"color: #800080; font-family: 'arial black', sans-serif;\"><strong><span style=\"color: #800080;\">Selim Ye\u015filp\u0131nar<\/span><\/strong><\/span><\/a><br \/>\nUzman \u015eef, Bellapais Gardens Hotel and Restaurant<\/span><\/td>\n<td style=\"width: 25%; vertical-align: top; height: 10px;\"><span style=\"color: #800080; font-family: 'arial black', sans-serif;\"><strong><a style=\"color: #800080;\" href=\"https:\/\/culinarybackstreets.com\/author\/filiz-2\/\" target=\"_blank\" rel=\"noopener\"><span style=\"font-size: 10pt;\">Filiz H\u00f6s\u00fcko\u011flu<\/span><\/a><\/strong><\/span><br \/>\n<span style=\"font-family: 'comic sans ms', sans-serif; font-size: 10pt;\">Yemek K\u00fclt\u00fcr\u00fc Ara\u015ft\u0131rmac\u0131s\u0131, Yazar<\/span><\/td>\n<td style=\"width: 25%; vertical-align: top; height: 10px;\"><span style=\"font-family: 'comic sans ms', sans-serif; font-size: 10pt;\"><span style=\"font-family: 'comic sans ms', sans-serif; font-size: 10pt;\"><span style=\"color: #800080;\"><a style=\"color: #800080;\" href=\"https:\/\/www.hasanbaglar.net\/\" target=\"_blank\" rel=\"noopener\"><span style=\"font-family: 'arial black', sans-serif;\"><strong>Hasan Ba\u011flar<\/strong><\/span><\/a><\/span><br \/>\n<span style=\"color: #993300;\"><span style=\"color: #000000;\">Foto\u011fraf Sanat\u00e7\u0131s\u0131<\/span><\/span><br \/>\n<\/span><\/span><\/td>\n<td style=\"width: 32.3438%; vertical-align: top; height: 10px;\"><span style=\"font-family: 'comic sans ms', sans-serif; font-size: 10pt;\"><span style=\"color: #800080; font-family: 'arial black', sans-serif;\"><a style=\"color: #800080;\" href=\"https:\/\/avesis.anadolu.edu.tr\/mkozak\" target=\"_blank\" rel=\"noopener\"><strong>Meryem Ako\u011flan Kozak<\/strong><\/a><br \/>\n<\/span>\u00a0Prof. Dr.<br \/>\nAnadolu \u00dcniversitesi<\/span><\/td>\n<\/tr>\n<tr>\n<td style=\"width: 25%; vertical-align: top;\"><img loading=\"lazy\" decoding=\"async\" class=\"alignnone wp-image-2921 size-medium\" src=\"http:\/\/anatoliajournal.com\/fotograf\/wp-content\/uploads\/2026\/02\/WhatsApp-Image-2026-02-16-at-16.03.49-220x300.jpeg\" alt=\"\" width=\"220\" height=\"300\" srcset=\"https:\/\/anatoliajournal.com\/fotograf\/wp-content\/uploads\/2026\/02\/WhatsApp-Image-2026-02-16-at-16.03.49-220x300.jpeg 220w, https:\/\/anatoliajournal.com\/fotograf\/wp-content\/uploads\/2026\/02\/WhatsApp-Image-2026-02-16-at-16.03.49-751x1024.jpeg 751w, https:\/\/anatoliajournal.com\/fotograf\/wp-content\/uploads\/2026\/02\/WhatsApp-Image-2026-02-16-at-16.03.49-768x1047.jpeg 768w, https:\/\/anatoliajournal.com\/fotograf\/wp-content\/uploads\/2026\/02\/WhatsApp-Image-2026-02-16-at-16.03.49.jpeg 1100w\" sizes=\"auto, (max-width: 220px) 100vw, 220px\" \/><\/td>\n<td style=\"width: 25%; vertical-align: top;\"><span style=\"color: #993300;\"><strong><span style=\"font-family: 'comic sans ms', sans-serif; font-size: 10pt;\"> <img loading=\"lazy\" decoding=\"async\" class=\"alignnone wp-image-2509\" src=\"http:\/\/anatoliajournal.com\/fotograf\/wp-content\/uploads\/2024\/08\/Nihal-Ustunkaya-Ogr.-Gor.-Antalya-Bilim-Universitesi-Meslek-Yuksekokulu-Ascilik-Bolum-Baskani-225x300.jpg\" alt=\"\" width=\"112\" height=\"149\" srcset=\"https:\/\/anatoliajournal.com\/fotograf\/wp-content\/uploads\/2024\/08\/Nihal-Ustunkaya-Ogr.-Gor.-Antalya-Bilim-Universitesi-Meslek-Yuksekokulu-Ascilik-Bolum-Baskani-225x300.jpg 225w, https:\/\/anatoliajournal.com\/fotograf\/wp-content\/uploads\/2024\/08\/Nihal-Ustunkaya-Ogr.-Gor.-Antalya-Bilim-Universitesi-Meslek-Yuksekokulu-Ascilik-Bolum-Baskani.jpg 638w\" sizes=\"auto, (max-width: 112px) 100vw, 112px\" \/><\/span><\/strong><\/span><\/td>\n<td style=\"width: 25%; vertical-align: top;\"><span style=\"font-family: 'comic sans ms', sans-serif; font-size: 10pt;\"><span style=\"color: #993300;\"><strong> <img loading=\"lazy\" decoding=\"async\" class=\"alignnone wp-image-2510\" src=\"http:\/\/anatoliajournal.com\/fotograf\/wp-content\/uploads\/2024\/08\/Nurgul-BOZ-Ogr.-Gor.-Dr.-233x300.jpg\" alt=\"\" width=\"116\" height=\"150\" srcset=\"https:\/\/anatoliajournal.com\/fotograf\/wp-content\/uploads\/2024\/08\/Nurgul-BOZ-Ogr.-Gor.-Dr.-233x300.jpg 233w, https:\/\/anatoliajournal.com\/fotograf\/wp-content\/uploads\/2024\/08\/Nurgul-BOZ-Ogr.-Gor.-Dr..jpg 413w\" sizes=\"auto, (max-width: 116px) 100vw, 116px\" \/><\/strong><\/span><\/span><\/td>\n<td style=\"width: 32.3438%; vertical-align: top;\"><span style=\"font-family: 'comic sans ms', sans-serif; font-size: 10pt;\"><span style=\"color: #993300;\"><strong> <img loading=\"lazy\" decoding=\"async\" class=\"alignnone wp-image-2512\" src=\"http:\/\/anatoliajournal.com\/fotograf\/wp-content\/uploads\/2024\/08\/Oguz-Dogan-Doc.-Dr.-Antalya-Bilim-Universitesi-Turizm-Fakultesi-Gastronomi-ve-Mutfak-Sanatlari-Bolum-Baskani-234x300.jpg\" alt=\"\" width=\"119\" height=\"153\" srcset=\"https:\/\/anatoliajournal.com\/fotograf\/wp-content\/uploads\/2024\/08\/Oguz-Dogan-Doc.-Dr.-Antalya-Bilim-Universitesi-Turizm-Fakultesi-Gastronomi-ve-Mutfak-Sanatlari-Bolum-Baskani-234x300.jpg 234w, https:\/\/anatoliajournal.com\/fotograf\/wp-content\/uploads\/2024\/08\/Oguz-Dogan-Doc.-Dr.-Antalya-Bilim-Universitesi-Turizm-Fakultesi-Gastronomi-ve-Mutfak-Sanatlari-Bolum-Baskani-799x1024.jpg 799w, https:\/\/anatoliajournal.com\/fotograf\/wp-content\/uploads\/2024\/08\/Oguz-Dogan-Doc.-Dr.-Antalya-Bilim-Universitesi-Turizm-Fakultesi-Gastronomi-ve-Mutfak-Sanatlari-Bolum-Baskani-768x985.jpg 768w, https:\/\/anatoliajournal.com\/fotograf\/wp-content\/uploads\/2024\/08\/Oguz-Dogan-Doc.-Dr.-Antalya-Bilim-Universitesi-Turizm-Fakultesi-Gastronomi-ve-Mutfak-Sanatlari-Bolum-Baskani.jpg 1060w\" sizes=\"auto, (max-width: 119px) 100vw, 119px\" \/><\/strong><\/span><\/span><\/td>\n<\/tr>\n<tr>\n<td style=\"width: 25%; vertical-align: top;\"><span style=\"color: #800080;\"><a style=\"color: #800080;\" href=\"https:\/\/www.instagram.com\/hamityalcn\/\" target=\"_blank\" rel=\"noopener\"><span style=\"font-family: 'comic sans ms', sans-serif; font-size: 10pt;\"><span style=\"font-family: 'comic sans ms', sans-serif; font-size: 10pt;\"><span style=\"font-family: 'arial black', sans-serif;\"><strong>Hamit Yal\u00e7\u0131n<\/strong><\/span><\/span><\/span><\/a><\/span><span style=\"font-family: 'comic sans ms', sans-serif; font-size: 10pt;\"><span style=\"font-family: 'comic sans ms', sans-serif; font-size: 10pt;\"><span style=\"color: #993300;\"><span style=\"font-family: 'arial black', sans-serif; color: #800080;\"><strong><br \/>\n<\/strong><\/span><span style=\"color: #000000;\">Foto\u011fraf Sanat\u00e7\u0131s\u0131<\/span><\/span><br \/>\n<\/span><\/span><\/td>\n<td style=\"width: 25%; vertical-align: top;\"><span style=\"color: #993300;\"><span style=\"font-family: 'arial black', sans-serif; color: #800080;\"><a style=\"color: #800080;\" href=\"https:\/\/antalya.edu.tr\/tr\/akademik-kadro\/meslek-yuksek-okulu\/nihal-ustunkaya\" target=\"_blank\" rel=\"noopener\"><strong><span style=\"font-size: 10pt;\">Nihal \u00dcst\u00fcnkaya<br \/>\n<\/span><\/strong><\/a><\/span><span style=\"font-family: 'comic sans ms', sans-serif; font-size: 10pt; color: #000000;\">\u00d6\u011fr. G\u00f6r.<br \/>\nAntalya Bilim \u00dcniversitesi<br \/>\nMYO A\u015f\u00e7\u0131l\u0131k :B\u00f6l\u00fcm\u00fc Ba\u015fkan\u0131<\/span><\/span><\/td>\n<td style=\"width: 25%; vertical-align: top;\"><span style=\"font-family: 'comic sans ms', sans-serif; font-size: 10pt;\"><span style=\"color: #993300;\"><span style=\"font-family: 'comic sans ms', sans-serif; font-size: 10pt;\"><span style=\"font-family: 'arial black', sans-serif; color: #800080;\"><strong><span style=\"color: #800080;\"><a style=\"color: #800080;\" href=\"https:\/\/avebis.alanya.edu.tr\/home\/ProfilGenel?h=0907\" target=\"_blank\" rel=\"noopener\">Nurg\u00fcl Boz<\/a><\/span><br \/>\n<\/strong><\/span><span style=\"color: #000000;\">\u00d6\u011fr. G\u00f6r. Dr.<\/span><\/span><br \/>\n<span style=\"color: #000000; font-family: 'comic sans ms', sans-serif; font-size: 10pt;\">Alanya Alaaddin Keykubat \u00dcniversitesi Turizm Fak\u00fcltesi<\/span><strong><br \/>\n<\/strong><\/span><\/span><\/td>\n<td style=\"width: 32.3438%; vertical-align: top;\"><span style=\"font-family: 'comic sans ms', sans-serif; font-size: 10pt; color: #000000;\"><span style=\"color: #800080; font-family: 'arial black', sans-serif;\"><a style=\"color: #800080;\" href=\"https:\/\/antalya.edu.tr\/tr\/akademik-kadro\/turizm-fakultesi\/oguz-dogan\" target=\"_blank\" rel=\"noopener\"><strong> O\u011fuz Do\u011fan<br \/>\n<\/strong><\/a><\/span>Do\u00e7. Dr.<br \/>\nAntalya Bilim \u00dcniversitesi Turizm Fak\u00fcltesi Gastronomi ve Mutfak Sanatlar\u0131 B\u00f6l\u00fcm\u00fc Ba\u015fkan\u0131<\/span><\/td>\n<\/tr>\n<tr>\n<td style=\"width: 25%; vertical-align: top;\"><span style=\"font-family: 'comic sans ms', sans-serif; font-size: 10pt;\"><strong><img loading=\"lazy\" decoding=\"async\" class=\"alignnone wp-image-2520\" src=\"http:\/\/anatoliajournal.com\/fotograf\/wp-content\/uploads\/2024\/08\/Osman-Ozdogan-Prof.-Dr.-191x300.jpg\" alt=\"\" width=\"100\" height=\"157\" srcset=\"https:\/\/anatoliajournal.com\/fotograf\/wp-content\/uploads\/2024\/08\/Osman-Ozdogan-Prof.-Dr.-191x300.jpg 191w, https:\/\/anatoliajournal.com\/fotograf\/wp-content\/uploads\/2024\/08\/Osman-Ozdogan-Prof.-Dr.-652x1024.jpg 652w, https:\/\/anatoliajournal.com\/fotograf\/wp-content\/uploads\/2024\/08\/Osman-Ozdogan-Prof.-Dr.-768x1206.jpg 768w, https:\/\/anatoliajournal.com\/fotograf\/wp-content\/uploads\/2024\/08\/Osman-Ozdogan-Prof.-Dr.-978x1536.jpg 978w, https:\/\/anatoliajournal.com\/fotograf\/wp-content\/uploads\/2024\/08\/Osman-Ozdogan-Prof.-Dr..jpg 1220w\" sizes=\"auto, (max-width: 100px) 100vw, 100px\" \/><\/strong><\/span><\/td>\n<td style=\"width: 25%; vertical-align: top;\"><span style=\"color: #993300;\"><strong><span style=\"font-family: 'comic sans ms', sans-serif; font-size: 10pt;\"><img loading=\"lazy\" decoding=\"async\" class=\"alignnone wp-image-2889 \" src=\"http:\/\/anatoliajournal.com\/fotograf\/wp-content\/uploads\/2026\/02\/WhatsApp-Image-2026-02-11-at-11.35.05-200x300.jpeg\" alt=\"\" width=\"99\" height=\"149\" srcset=\"https:\/\/anatoliajournal.com\/fotograf\/wp-content\/uploads\/2026\/02\/WhatsApp-Image-2026-02-11-at-11.35.05-200x300.jpeg 200w, https:\/\/anatoliajournal.com\/fotograf\/wp-content\/uploads\/2026\/02\/WhatsApp-Image-2026-02-11-at-11.35.05-683x1024.jpeg 683w, https:\/\/anatoliajournal.com\/fotograf\/wp-content\/uploads\/2026\/02\/WhatsApp-Image-2026-02-11-at-11.35.05-768x1152.jpeg 768w, https:\/\/anatoliajournal.com\/fotograf\/wp-content\/uploads\/2026\/02\/WhatsApp-Image-2026-02-11-at-11.35.05.jpeg 832w\" sizes=\"auto, (max-width: 99px) 100vw, 99px\" \/><\/span><\/strong><\/span><\/td>\n<td style=\"width: 25%; vertical-align: top;\"><span style=\"font-family: 'comic sans ms', sans-serif; font-size: 10pt;\"><span style=\"color: #993300;\"><strong><img loading=\"lazy\" decoding=\"async\" class=\"alignnone wp-image-2559 \" src=\"http:\/\/anatoliajournal.com\/fotograf\/wp-content\/uploads\/2024\/08\/Vedat-Zorluer-1-214x300.jpg\" alt=\"\" width=\"110\" height=\"153\" srcset=\"https:\/\/anatoliajournal.com\/fotograf\/wp-content\/uploads\/2024\/08\/Vedat-Zorluer-1-214x300.jpg 214w, https:\/\/anatoliajournal.com\/fotograf\/wp-content\/uploads\/2024\/08\/Vedat-Zorluer-1-732x1024.jpg 732w, https:\/\/anatoliajournal.com\/fotograf\/wp-content\/uploads\/2024\/08\/Vedat-Zorluer-1-768x1075.jpg 768w, https:\/\/anatoliajournal.com\/fotograf\/wp-content\/uploads\/2024\/08\/Vedat-Zorluer-1-1097x1536.jpg 1097w, https:\/\/anatoliajournal.com\/fotograf\/wp-content\/uploads\/2024\/08\/Vedat-Zorluer-1.jpg 1143w\" sizes=\"auto, (max-width: 110px) 100vw, 110px\" \/><\/strong><\/span><\/span><\/td>\n<td style=\"width: 32.3438%; vertical-align: top;\"><span style=\"font-family: 'comic sans ms', sans-serif; font-size: 10pt;\"><span style=\"color: #993300;\"><strong><img loading=\"lazy\" decoding=\"async\" class=\"alignnone wp-image-2527 \" src=\"http:\/\/anatoliajournal.com\/fotograf\/wp-content\/uploads\/2024\/08\/Yilmaz-Secim-Doc.-Dr.-230x300.jpeg\" alt=\"\" width=\"120\" height=\"156\" srcset=\"https:\/\/anatoliajournal.com\/fotograf\/wp-content\/uploads\/2024\/08\/Yilmaz-Secim-Doc.-Dr.-230x300.jpeg 230w, https:\/\/anatoliajournal.com\/fotograf\/wp-content\/uploads\/2024\/08\/Yilmaz-Secim-Doc.-Dr.-785x1024.jpeg 785w, https:\/\/anatoliajournal.com\/fotograf\/wp-content\/uploads\/2024\/08\/Yilmaz-Secim-Doc.-Dr.-768x1001.jpeg 768w, https:\/\/anatoliajournal.com\/fotograf\/wp-content\/uploads\/2024\/08\/Yilmaz-Secim-Doc.-Dr.-1178x1536.jpeg 1178w, https:\/\/anatoliajournal.com\/fotograf\/wp-content\/uploads\/2024\/08\/Yilmaz-Secim-Doc.-Dr.-1571x2048.jpeg 1571w, https:\/\/anatoliajournal.com\/fotograf\/wp-content\/uploads\/2024\/08\/Yilmaz-Secim-Doc.-Dr..jpeg 1650w\" sizes=\"auto, (max-width: 120px) 100vw, 120px\" \/><\/strong><\/span><\/span><\/td>\n<\/tr>\n<tr>\n<td style=\"width: 25%; vertical-align: top;\"><span style=\"font-size: 10pt; font-family: 'comic sans ms', sans-serif;\"><span style=\"color: #800080;\"><a style=\"color: #800080;\" href=\"https:\/\/akbis.adu.edu.tr\/personel_detay.asp?sno=A-0787\" target=\"_blank\" rel=\"noopener\"><strong><span style=\"font-family: 'arial black', sans-serif;\">Osman Nuri \u00d6zdo\u011fan<\/span><\/strong><\/a><\/span>,<br \/>\nProf. Dr.<br \/>\n<\/span><span style=\"font-size: 10pt; font-family: 'comic sans ms', sans-serif;\">Adnan Menderes \u00dcniversitesi Turizm Fak\u00fcltesi Dekan Vekili<\/span><\/td>\n<td style=\"width: 25%; vertical-align: top;\"><span style=\"color: #993300;\"><strong><span style=\"font-family: 'comic sans ms', sans-serif; font-size: 10pt;\"><span style=\"font-family: 'arial black', sans-serif; color: #800080;\"><a style=\"color: #800080;\" href=\"https:\/\/akademik.baskent.edu.tr\/tulga\" target=\"_blank\" rel=\"noopener\">Tulga Albustanl\u0131o\u011flu<\/a><\/span><br \/>\n<\/span><\/strong><span style=\"font-family: 'comic sans ms', sans-serif; font-size: 10pt; color: #000000;\">Dr. \u00d6\u011fr. \u00dcyesi<br \/>\nBa\u015fkent \u00dcniversitesi GSTMF Gastronomi ve Mutfak Sanatlar\u0131 B\u00f6l\u00fcm Ba\u015fkan\u0131 Yard\u0131mc\u0131s\u0131<\/span><\/span><\/td>\n<td style=\"width: 25%; vertical-align: top;\"><span style=\"font-family: 'comic sans ms', sans-serif; font-size: 10pt;\"><span style=\"color: #993300;\"><span style=\"font-family: 'arial black', sans-serif; color: #800080;\"><strong> Vedat Zorluer<br \/>\n<\/strong><\/span><span style=\"color: #000000;\">Foto\u011fraf Sanat\u00e7\u0131s\u0131<\/span><\/span><\/span><\/td>\n<td style=\"width: 32.3438%; vertical-align: top;\"><span style=\"font-family: 'comic sans ms', sans-serif; font-size: 10pt;\"><span style=\"color: #993300;\"><span style=\"font-family: 'arial black', sans-serif; color: #800080;\"><a style=\"color: #800080;\" href=\"https:\/\/www.erbakan.edu.tr\/personel\/5733\/yilmaz-secim\" target=\"_blank\" rel=\"noopener\"><strong> Y\u0131lmaz Se\u00e7im<br \/>\n<\/strong><\/a><\/span><span style=\"color: #000000; font-family: 'comic sans ms', sans-serif; font-size: 10pt;\">Do\u00e7. Dr.<br \/>\nNecmettin Erbakan \u00dcniversitesi Turizm Fak\u00fcltesi Gastronomi ve Mutfak Sanatlar\u0131 B\u00f6l\u00fcm\u00fc Ba\u015fkan\u0131<\/span><\/span><\/span><\/td>\n<\/tr>\n<\/tbody>\n<\/table>\n<p style=\"text-align: center;\">\n","protected":false},"excerpt":{"rendered":"<p>Selim Ye\u015filp\u0131nar Uzman \u015eef, Bellapais Gardens Hotel and Restaurant Filiz H\u00f6s\u00fcko\u011flu Yemek K\u00fclt\u00fcr\u00fc Ara\u015ft\u0131rmac\u0131s\u0131, Yazar Hasan Ba\u011flar Foto\u011fraf Sanat\u00e7\u0131s\u0131 Meryem Ako\u011flan Kozak \u00a0Prof. Dr. Anadolu \u00dcniversitesi Hamit Yal\u00e7\u0131n Foto\u011fraf Sanat\u00e7\u0131s\u0131 Nihal \u00dcst\u00fcnkaya \u00d6\u011fr. G\u00f6r. Antalya Bilim \u00dcniversitesi MYO A\u015f\u00e7\u0131l\u0131k :B\u00f6l\u00fcm\u00fc &hellip; <a href=\"https:\/\/anatoliajournal.com\/fotograf\/secici-kurul\/\">Okumaya devam et <span class=\"meta-nav\">&rarr;<\/span><\/a><\/p>\n","protected":false},"author":1,"featured_media":0,"parent":0,"menu_order":0,"comment_status":"closed","ping_status":"closed","template":"","meta":{"footnotes":""},"class_list":["post-60","page","type-page","status-publish","hentry"],"acf":[],"_links":{"self":[{"href":"https:\/\/anatoliajournal.com\/fotograf\/wp-json\/wp\/v2\/pages\/60","targetHints":{"allow":["GET"]}}],"collection":[{"href":"https:\/\/anatoliajournal.com\/fotograf\/wp-json\/wp\/v2\/pages"}],"about":[{"href":"https:\/\/anatoliajournal.com\/fotograf\/wp-json\/wp\/v2\/types\/page"}],"author":[{"embeddable":true,"href":"https:\/\/anatoliajournal.com\/fotograf\/wp-json\/wp\/v2\/users\/1"}],"replies":[{"embeddable":true,"href":"https:\/\/anatoliajournal.com\/fotograf\/wp-json\/wp\/v2\/comments?post=60"}],"version-history":[{"count":335,"href":"https:\/\/anatoliajournal.com\/fotograf\/wp-json\/wp\/v2\/pages\/60\/revisions"}],"predecessor-version":[{"id":2932,"href":"https:\/\/anatoliajournal.com\/fotograf\/wp-json\/wp\/v2\/pages\/60\/revisions\/2932"}],"wp:attachment":[{"href":"https:\/\/anatoliajournal.com\/fotograf\/wp-json\/wp\/v2\/media?parent=60"}],"curies":[{"name":"wp","href":"https:\/\/api.w.org\/{rel}","templated":true}]}}