{"id":1844,"date":"2023-03-23T18:19:30","date_gmt":"2023-03-23T15:19:30","guid":{"rendered":"https:\/\/anatoliajournal.com\/fotograf\/?page_id=1844"},"modified":"2026-01-31T16:42:20","modified_gmt":"2026-01-31T13:42:20","slug":"exhibitions","status":"publish","type":"page","link":"https:\/\/anatoliajournal.com\/fotograf\/en\/exhibitions\/","title":{"rendered":"Exhibitions"},"content":{"rendered":"<p><\/p>\r\n<p><span style=\"font-size: 10pt;\"><strong><span style=\"color: #3366ff;\">FRAPORT TAV Antalya Airport<\/span><br \/><em>(4th Anatolian Food Photography Contest)<\/em><br \/><em>(August 11 \u2013 14, 2025)<br \/><\/em><a href=\"https:\/\/photos.app.goo.gl\/7nNekZnRjAPNLRCr7\" target=\"_blank\" rel=\"noopener\"><em>G\u00d6RSELLER \u0130\u00c7\u0130N TIKLAYINIZ<\/em><\/a><\/strong><\/span><\/p>\r\n<hr \/>\r\n<p><span style=\"font-size: 10pt;\"><strong><span style=\"color: #3366ff;\">Antalya Belek University<\/span><br \/><em>(4th Anatolian Food Photography Contest)<\/em><br \/><em>(November 25 2025)<br \/><\/em><a href=\"https:\/\/photos.app.goo.gl\/saboaya6tdtH2Thb6\" target=\"_blank\" rel=\"noopener\"><em>G\u00d6RSELLER \u0130\u00c7\u0130N TIKLAYINIZ<\/em><\/a><\/strong><\/span><\/p>\r\n<hr \/>\r\n<p><span style=\"font-size: 10pt;\"><strong><span style=\"color: #3366ff;\">Tokat Museum<\/span><br \/><em>(4th Anatolian Food Photography Contest)<\/em><br \/><em>(May 26 \u2013 28, 2025)<br \/><\/em><a href=\"https:\/\/photos.app.goo.gl\/WNYKhnQ4k4tQSj9d9\" target=\"_blank\" rel=\"noopener\"><em>G\u00d6RSELLER \u0130\u00c7\u0130N TIKLAYINIZ<\/em><\/a><\/strong><\/span><\/p>\r\n<hr \/>\r\n<p><span style=\"font-size: 10pt;\"><strong><span style=\"color: #3366ff;\">Meryan Hotel<\/span><br \/><em>(4th Anatolian Food Photography Contest)<\/em><br \/><em>(April 18 \u2013 21, 2025, Antalya)<br \/><\/em><a href=\"https:\/\/photos.app.goo.gl\/94PD9hvkQPUrA1Lq8\" target=\"_blank\" rel=\"noopener\"><em>G\u00d6RSELLER \u0130\u00c7\u0130N TIKLAYINIZ<\/em><\/a><\/strong><\/span><\/p>\r\n<hr \/>\r\n<p><strong style=\"font-size: 10pt;\"><span style=\"color: #3366ff;\">Isparta University of Applied Sciences E\u011firdir Vocational School<\/span><br \/><\/strong><em style=\"font-size: 10pt;\"><span style=\"font-family: 'comic sans ms', sans-serif; font-size: 10pt;\"><span style=\"color: #3366ff;\"><span style=\"color: #000000;\"><em>(Third Anatolian Food Photography Competition Exhibition)<br \/><\/em><\/span><\/span><\/span><\/em><em style=\"font-size: 10pt;\"><span style=\"color: #000000;\">(November 13-16, Isparta)<br \/><\/span><\/em><a href=\"https:\/\/photos.app.goo.gl\/SySDZXp2AN8Xq8BH8\" target=\"_blank\" rel=\"noopener\"><span style=\"font-family: 'comic sans ms', sans-serif; font-size: 10pt;\"><strong><em><span style=\"color: #993300;\">G\u00d6RSELLER \u0130\u00c7\u0130N TIKLAYINIZ<\/span><\/em><\/strong><\/span><\/a><\/p>\r\n<hr \/>\r\n<p><span style=\"font-family: 'comic sans ms', sans-serif; font-size: 10pt;\"><span style=\"color: #3366ff;\"><strong>Vatan Kahve<br \/><\/strong><span style=\"color: #000000;\"><em>(Second Anatolian Food Photography Competition Exhibition)<\/em><strong><br \/><\/strong><\/span><\/span><em>(July 6 &#8211; 28, 2024, Antalya)<\/em><em> <br \/><\/em><a href=\"https:\/\/photos.app.goo.gl\/BA7D4uc5PZbAsxow6\" target=\"_blank\" rel=\"noopener\"><span style=\"color: #993300;\"><strong><em>CLICK HERE FOR PHOTOS<\/em><\/strong><\/span><\/a><\/span><\/p>\r\n<hr \/>\r\n<p><span style=\"font-family: 'comic sans ms', sans-serif; font-size: 10pt;\"><span style=\"color: #3366ff;\"><strong>Fraport TAV Antalya Airport<br \/><\/strong><\/span><span style=\"color: #000000;\"><em>(June 14 &#8211; July 12, 2024, Antalya)<\/em><em> <br \/><\/em><\/span><span style=\"color: #993300;\"><a style=\"color: #993300;\" href=\"https:\/\/photos.app.goo.gl\/fPsxVuWUujUv5nK19\" target=\"_blank\" rel=\"noopener\"><strong><em>CLICK HERE FOR PHOTOS<\/em><\/strong><\/a><\/span><\/span><\/p>\r\n<hr \/>\r\n<p><span style=\"font-family: 'comic sans ms', sans-serif; font-size: 10pt;\"><span style=\"color: #3366ff;\"><strong>Vatan Kahve<br \/><\/strong><span style=\"color: #000000;\"><em>(First Anatolian Food Photography Competition Exhibition)<\/em><strong><br \/><\/strong><\/span><\/span><em>(July 16 &#8211; 28, 024, Antalya)<\/em><em> <br \/><\/em><span style=\"color: #993300;\"><a style=\"color: #993300;\" href=\"https:\/\/photos.app.goo.gl\/PiRG2YWRKhQCLfAS6\" target=\"_blank\" rel=\"noopener\"><strong><em>CLICK HERE FOR PHOTOS<\/em><\/strong><\/a><\/span><\/span><\/p>\r\n<hr \/>\r\n<p><span style=\"font-family: 'comic sans ms', sans-serif; font-size: 10pt;\"><span style=\"color: #3366ff;\"><strong>Antalya B\u00fcy\u00fck \u015eehir Belediyesi<br \/><\/strong><\/span><span style=\"color: #000000;\"><em>(Opening date: February 02, 2023, Konya)<\/em><em> <br \/><\/em><\/span><\/span><span style=\"color: #993300;\"><a style=\"color: #993300;\" href=\"https:\/\/photos.app.goo.gl\/y7RW8gQU84bakF5Y8\" target=\"_blank\" rel=\"noopener\"><span style=\"font-family: 'comic sans ms', sans-serif; font-size: 10pt;\"><strong><em>CLICK HERE FOR PHOTOS<\/em><\/strong><\/span><\/a><\/span><\/p>\r\n<hr \/>\r\n<p class=\"has-text-align-center has-vivid-cyan-blue-color has-text-color\" style=\"text-align: left;\"><span style=\"font-family: 'comic sans ms', sans-serif; font-size: 10pt;\"><span style=\"color: #3366ff;\"><strong>Hilton Garden Inn Konya <br \/><\/strong><\/span><span style=\"color: #000000;\"><em>(Opening date: February 2, 2023, Konya) <br \/><\/em><\/span><strong><em><span style=\"color: #993300;\"><a style=\"color: #993300;\" href=\"https:\/\/photos.app.goo.gl\/WR7WzXNpyjVdCAZH7\" target=\"_blank\" rel=\"noopener\">CLICK HERE FOR PHOTOS<\/a><br \/><\/span><\/em><\/strong><\/span><\/p>\r\n<hr \/>\r\n<p class=\"has-text-align-center has-vivid-cyan-blue-color has-text-color\" style=\"text-align: left;\"><span style=\"font-family: 'comic sans ms', sans-serif; font-size: 10pt;\"><strong><span style=\"color: #3366ff;\">Antalya Institute of Maturation (Antalya Olgunla\u015fma Enstit\u00fcs\u00fc)<\/span><br \/><\/strong><span style=\"color: #000000;\"><em>(October 12- 14, 2022, Kalei\u00e7i, Antalya)<br \/><\/em><\/span><strong><em><span style=\"color: #993300;\"><a style=\"color: #993300;\" href=\"https:\/\/photos.app.goo.gl\/gmJVi9vVg4UdjiR26\" target=\"_blank\" rel=\"noopener\">CLICK HERE FOR PHOTOS<\/a><br \/><\/span><\/em><\/strong><\/span><\/p>\r\n<hr \/>\r\n<p class=\"has-text-align-center has-vivid-cyan-blue-color has-text-color\" style=\"text-align: left;\"><span style=\"font-family: 'comic sans ms', sans-serif; font-size: 10pt;\"><strong><span style=\"color: #3366ff;\">Antalya Konyaalt\u0131 Institute of Maturation (Antalya Konyaalt\u0131 Olgunla\u015fma Enstit\u00fcs\u00fc)<\/span><br \/><\/strong><span style=\"color: #000000;\"><em>(October 17- 21, 2022, Antalya)<br \/><\/em><\/span><strong><em><span style=\"color: #993300;\"><a style=\"color: #993300;\" href=\"https:\/\/photos.app.goo.gl\/oo9es6KYtCA53Edd7\" target=\"_blank\" rel=\"noopener\">CLICK HERE FOR PHOTOS<\/a><br \/><\/span><\/em><\/strong><\/span><\/p>\r\n<hr \/>\r\n<p class=\"has-text-align-center has-vivid-cyan-blue-color has-text-color\" style=\"text-align: left;\"><span style=\"color: #3366ff;\"><strong style=\"font-size: 10pt;\">Muratpa\u015fa Municipality Fikret Otyam Art Gallery (Muratpa\u015fa Belediyesi Fikret Otyam Sanat Galerisi)<br \/><\/strong><span style=\"color: #000000;\"><em style=\"font-size: 10pt;\">(October 24 &#8211; 26, 2022, Antalya<\/em><\/span><\/span><span style=\"color: #000000; font-size: 10pt;\">)<br \/><\/span><span style=\"color: #993300;\"><a style=\"color: #993300;\" href=\"https:\/\/photos.app.goo.gl\/jMB8eu2iPCV6xhEU7\" target=\"_blank\" rel=\"noopener\"><span style=\"font-family: 'comic sans ms', sans-serif; font-size: 10pt;\"><strong><em>CLICK HERE FOR PHOTOS<\/em><\/strong><\/span><\/a><br \/><\/span><\/p>\r\n<hr \/>\r\n<p class=\"has-text-align-center has-vivid-cyan-blue-color has-text-color\" style=\"text-align: left;\"><span style=\"color: #3366ff;\"><strong style=\"font-size: 10pt;\">Teomanpasa Public Education Centre (Teomanpa\u015fa Halk E\u011fitim Merkezi)<br \/><\/strong><\/span><span style=\"color: #000000;\"><em style=\"font-size: 10pt;\">(November 10 &#8211; 23, 2022, Antalya)<br \/><\/em><\/span><span style=\"font-family: 'comic sans ms', sans-serif; font-size: 10pt;\"><em><span style=\"color: #993300;\"><a style=\"color: #993300;\" href=\"https:\/\/photos.app.goo.gl\/efRBq89UrCaxP7qr6\" target=\"_blank\" rel=\"noopener\"><strong>CLICK HERE FOR PHOTOS<\/strong><\/a><br \/><\/span><\/em><\/span><\/p>\r\n<hr \/>\r\n<p class=\"has-text-align-center has-vivid-cyan-blue-color has-text-color\" style=\"text-align: left;\"><span style=\"color: #3366ff;\"><strong style=\"font-size: 10pt;\">Olympos Cable Car (Olympos Teleferik)<br \/><\/strong><\/span><span style=\"color: #000000;\"><em style=\"font-size: 10pt;\">(November 29\u00a0 &#8211; December 06, 2022, Antalya)<br \/><\/em><\/span><em style=\"font-size: 10pt;\"><span style=\"color: #993300;\"><a style=\"color: #993300;\" href=\"https:\/\/photos.app.goo.gl\/51UVi9xpiTaDPuuKA\" target=\"_blank\" rel=\"noopener\"><strong>CLICK HERE FOR PHOTOS<\/strong><\/a><br \/><\/span><\/em><\/p>\r\n<hr \/>\r\n<p class=\"has-text-align-center has-vivid-cyan-blue-color has-text-color\" style=\"text-align: left;\"><span style=\"font-family: 'comic sans ms', sans-serif; font-size: 10pt;\"><span style=\"color: #3366ff;\"><strong>Antalya Aquarium<\/strong> <\/span><br \/><em><span style=\"color: #000000;\">(December 07 &#8211; 13, 2022, Antalya)<\/span><br \/><span style=\"color: #993300;\"><a style=\"color: #993300;\" href=\"https:\/\/photos.app.goo.gl\/h5KrSvFw9pUJab677\" target=\"_blank\" rel=\"noopener\"><strong>CLICK HERE FOR PHOTOS<\/strong><\/a><\/span><br \/><\/em><\/span><\/p>\r\n<p style=\"text-align: left;\"><span style=\"font-family: 'comic sans ms', sans-serif; font-size: 10pt;\">\r\n\r\n<\/span><\/p>\r\n<p style=\"text-align: left;\"><span style=\"font-family: 'comic sans ms', sans-serif; font-size: 10pt;\">\r\n\r\n<\/span><\/p>\r\n<hr \/>\r\n<p style=\"text-align: left;\"><span style=\"font-family: 'comic sans ms', sans-serif; font-size: 10pt;\"><span style=\"color: #3366ff;\"><strong>Prof. Atila \u00d6zer Cartoon House (Prof. Atila \u00d6zer Karikat\u00fcrl\u00fc Ev)<\/strong><\/span><br \/><em><span style=\"color: #000000;\">(July 13 &#8211; 16, 2023, Eski\u015fehir)<\/span><br \/><span style=\"color: #993300;\"><a style=\"color: #993300;\" href=\"https:\/\/photos.app.goo.gl\/HHKyzkDgpWw2BfRU7\" target=\"_blank\" rel=\"noopener\"><strong>CLICK HERE FOR PHOTOS<\/strong><\/a><\/span><\/em><\/span><\/p>\r\n<hr \/>\r\n<p style=\"text-align: left;\"><span style=\"font-family: 'comic sans ms', sans-serif; font-size: 10pt;\"><span style=\"color: #3366ff;\"><strong>Belek Beach Resort<\/strong><\/span><br \/><em><span style=\"color: #000000;\">(October 28 &#8211; November 8, 2023, Antalya)<\/span><br \/><span style=\"color: #993300;\"><a style=\"color: #993300;\" href=\"https:\/\/photos.app.goo.gl\/H44ULb1dXexZgwMU8\" target=\"_blank\" rel=\"noopener\"><strong>CLICK HERE FOR PHOTOS<\/strong><\/a><\/span><\/em><\/span><\/p>\r\n<hr \/>\r\n<p style=\"text-align: left;\"><span style=\"font-family: 'comic sans ms', sans-serif; font-size: 10pt;\"><span style=\"color: #3366ff;\"><strong>Kamelya Collection Hotel<\/strong><\/span><br \/><em><span style=\"color: #000000;\">(September 1 &#8211; 15, 2023, Antalya)<\/span><br \/><a href=\"https:\/\/photos.app.goo.gl\/FpDVTEZsRgba6jwL9\" target=\"_blank\" rel=\"noopener\"><span style=\"color: #993300;\"><strong>CLICK HERE FOR PHOTOS<\/strong><\/span><\/a><\/em><\/span><\/p>\r\n<hr \/>\r\n<p style=\"text-align: left;\"><span style=\"font-family: 'comic sans ms', sans-serif; font-size: 10pt;\"><span style=\"color: #3366ff;\"><strong>Isparta University of Applied Sciences (Isparta Uygulamal\u0131 Bilimler \u00dcniversitesi)<\/strong><\/span><br \/><em><span style=\"color: #000000;\">(May 20, 2023, Isparta)<\/span><br \/><span style=\"color: #993300;\"><a style=\"color: #993300;\" href=\"https:\/\/photos.app.goo.gl\/F2Y2BakrN9YfrkjU9\" target=\"_blank\" rel=\"noopener\"><strong>CLICK HERE FOR PHOTOS<\/strong><\/a><\/span><\/em><\/span><\/p>\r\n<hr \/>\r\n<p style=\"text-align: left;\"><span style=\"font-family: 'comic sans ms', sans-serif; font-size: 10pt;\"><span style=\"color: #3366ff;\"><strong>Fraport TAV Antalya Airport (Fraport TAV Antalya Havaliman\u0131)<\/strong><\/span><br \/><em><span style=\"color: #000000;\">(June<strong> 1<\/strong>4\u00a0 \u2013 July 12, 2024, Antalya)<\/span><br \/><span style=\"color: #993300;\"><a style=\"color: #993300;\" href=\"https:\/\/photos.app.goo.gl\/Pznvco3Pi8CcQeAx6\" target=\"_blank\" rel=\"noopener\"><strong>CLICK HERE FOR PHOTOS<\/strong><\/a><\/span><\/em><\/span><\/p>\r\n<p><span style=\"font-family: 'comic sans ms', sans-serif; font-size: 10pt;\">\r\n\r\n<\/span><\/p>\r\n<p><\/p>","protected":false},"excerpt":{"rendered":"<p>FRAPORT TAV Antalya Airport(4th Anatolian Food Photography Contest)(August 11 \u2013 14, 2025)G\u00d6RSELLER \u0130\u00c7\u0130N TIKLAYINIZ Antalya Belek University(4th Anatolian Food Photography Contest)(November 25 2025)G\u00d6RSELLER \u0130\u00c7\u0130N TIKLAYINIZ Tokat Museum(4th Anatolian Food Photography Contest)(May 26 \u2013 28, 2025)G\u00d6RSELLER \u0130\u00c7\u0130N TIKLAYINIZ Meryan Hotel(4th Anatolian &hellip; <a href=\"https:\/\/anatoliajournal.com\/fotograf\/en\/exhibitions\/\">Okumaya devam et <span class=\"meta-nav\">&rarr;<\/span><\/a><\/p>\n","protected":false},"author":1,"featured_media":0,"parent":0,"menu_order":0,"comment_status":"closed","ping_status":"closed","template":"","meta":{"footnotes":""},"class_list":["post-1844","page","type-page","status-publish","hentry"],"acf":[],"_links":{"self":[{"href":"https:\/\/anatoliajournal.com\/fotograf\/wp-json\/wp\/v2\/pages\/1844","targetHints":{"allow":["GET"]}}],"collection":[{"href":"https:\/\/anatoliajournal.com\/fotograf\/wp-json\/wp\/v2\/pages"}],"about":[{"href":"https:\/\/anatoliajournal.com\/fotograf\/wp-json\/wp\/v2\/types\/page"}],"author":[{"embeddable":true,"href":"https:\/\/anatoliajournal.com\/fotograf\/wp-json\/wp\/v2\/users\/1"}],"replies":[{"embeddable":true,"href":"https:\/\/anatoliajournal.com\/fotograf\/wp-json\/wp\/v2\/comments?post=1844"}],"version-history":[{"count":28,"href":"https:\/\/anatoliajournal.com\/fotograf\/wp-json\/wp\/v2\/pages\/1844\/revisions"}],"predecessor-version":[{"id":2856,"href":"https:\/\/anatoliajournal.com\/fotograf\/wp-json\/wp\/v2\/pages\/1844\/revisions\/2856"}],"wp:attachment":[{"href":"https:\/\/anatoliajournal.com\/fotograf\/wp-json\/wp\/v2\/media?parent=1844"}],"curies":[{"name":"wp","href":"https:\/\/api.w.org\/{rel}","templated":true}]}}