{"id":602,"date":"2021-03-14T12:05:28","date_gmt":"2021-03-14T12:05:28","guid":{"rendered":"https:\/\/anatoliajournal.com\/akademi\/?page_id=602"},"modified":"2021-04-29T18:36:28","modified_gmt":"2021-04-29T18:36:28","slug":"mayis-ayi-dersleri","status":"publish","type":"page","link":"https:\/\/anatoliajournal.com\/akademi\/online-dersler\/mayis-ayi-dersleri\/","title":{"rendered":"May\u0131s Ay\u0131 Dersleri"},"content":{"rendered":"\n<p class=\"has-text-align-center has-large-font-size\"><strong><span class=\"has-inline-color has-vivid-cyan-blue-color\">May\u0131s 2021<\/span><\/strong><\/p>\n\n\n\n<p><strong>CANLI YAYIM ORTAM B\u0130LG\u0130LER\u0130:<\/strong><br><strong>Tarih:<\/strong>\u00a004 May\u0131s 2021<br><strong>Saat:<\/strong>\u00a016:00<br><strong>Zoom adresi:<\/strong>\u00a0https:\/\/us02web.zoom.us\/j\/82323587121 (\u015eifre gerekmiyor)<br><strong>Facebook:<\/strong>\u00a0<strong><em>Sosyal Bilimler Akademik B\u00fclteni<br><a href=\"https:\/\/www.facebook.com\/groups\/akademikbulten\">https:\/\/www.facebook.com\/groups\/akademikbulten<\/a><\/em><\/strong><\/p>\n\n\n\n<hr class=\"wp-block-separator\"\/>\n\n\n\n<div style=\"height:30px\" aria-hidden=\"true\" class=\"wp-block-spacer\"><\/div>\n\n\n\n<div class=\"wp-block-columns are-vertically-aligned-top is-layout-flex wp-container-4\">\n<div class=\"wp-block-column is-vertically-aligned-top is-layout-flow\">\n<figure class=\"wp-block-image size-large is-resized\"><img decoding=\"async\" loading=\"lazy\" src=\"https:\/\/anatoliajournal.com\/akademi\/wp-content\/uploads\/2021\/03\/Prof.-Ozlem-Ilk-Dag.png\" alt=\"\" class=\"wp-image-605\" width=\"177\" height=\"178\" srcset=\"https:\/\/anatoliajournal.com\/akademi\/wp-content\/uploads\/2021\/03\/Prof.-Ozlem-Ilk-Dag.png 170w, https:\/\/anatoliajournal.com\/akademi\/wp-content\/uploads\/2021\/03\/Prof.-Ozlem-Ilk-Dag-150x150.png 150w\" sizes=\"(max-width: 177px) 100vw, 177px\" \/><\/figure>\n\n\n\n<h4 class=\"has-text-align-center wp-block-heading\"><strong><span style=\"color:#007bff\" class=\"has-inline-color\"><strong>R Yaz\u0131l\u0131m\u0131 ile Veri Bilimine Giri\u015f<\/strong><\/span><\/strong><\/h4>\n\n\n\n<p class=\"has-text-align-center\"><strong><span class=\"has-inline-color has-luminous-vivid-orange-color\">Prof. \u00d6zlem \u0130lk Da\u011f<\/span><\/strong><br><em><strong>Orta Do\u011fu Teknik \u00dcniversitesi<\/strong><\/em><br><span class=\"has-inline-color has-vivid-red-color\"><strong>04 May\u0131s 2021, Sal\u0131<\/strong><br><strong>Saat: 16.00<\/strong><\/span><\/p>\n<\/div>\n\n\n\n<div class=\"wp-block-column is-vertically-aligned-top is-layout-flow\">\n<figure class=\"wp-block-image size-large is-resized\"><img decoding=\"async\" loading=\"lazy\" src=\"https:\/\/anatoliajournal.com\/akademi\/wp-content\/uploads\/2021\/03\/Doc.-Dr.-Inan-Kalayciogullari.jpg\" alt=\"\" class=\"wp-image-607\" width=\"152\" height=\"180\"\/><\/figure>\n\n\n\n<h4 class=\"has-text-align-center wp-block-heading\"><span style=\"color:#007bff\" class=\"has-inline-color\"><strong>Cumhuriyet D\u00f6nemi\u2019nde T\u00fcrkiye\u2019de Bilim<\/strong><\/span><\/h4>\n\n\n\n<h5 class=\"has-text-align-center wp-block-heading\"><strong><span class=\"has-inline-color has-luminous-vivid-orange-color\">Do\u00e7. Dr. \u0130nan Kalayc\u0131ogullar\u0131<\/span><\/strong><br><em>Ankara \u00dcniversitesi<\/em><br><span class=\"has-inline-color has-vivid-red-color\"><strong>11 May\u0131s 2021, <\/strong>Sal\u0131<br><strong>Saat: 16.00<\/strong><\/span><\/h5>\n<\/div>\n\n\n\n<div class=\"wp-block-column is-vertically-aligned-top is-layout-flow\">\n<figure class=\"wp-block-image size-large is-resized\"><img decoding=\"async\" loading=\"lazy\" src=\"https:\/\/anatoliajournal.com\/akademi\/wp-content\/uploads\/2021\/03\/Prof.-Dr.-Yavuz-Unat-1.jpeg\" alt=\"\" class=\"wp-image-608\" width=\"178\" height=\"176\" srcset=\"https:\/\/anatoliajournal.com\/akademi\/wp-content\/uploads\/2021\/03\/Prof.-Dr.-Yavuz-Unat-1.jpeg 371w, https:\/\/anatoliajournal.com\/akademi\/wp-content\/uploads\/2021\/03\/Prof.-Dr.-Yavuz-Unat-1-300x297.jpeg 300w\" sizes=\"(max-width: 178px) 100vw, 178px\" \/><\/figure>\n\n\n\n<h4 class=\"has-text-align-center wp-block-heading\"><span style=\"color:#007bff\" class=\"has-inline-color\"><strong>Osmanl\u0131lar\u2019da Bilim<\/strong> <\/span><\/h4>\n\n\n\n<h5 class=\"has-text-align-center wp-block-heading\" id=\"block-cae79809-88b4-41f0-ae39-0b88d21c42de\"><strong><span class=\"has-inline-color has-luminous-vivid-orange-color\">Prof. Dr. Yavuz Unat<\/span><\/strong><br><em><strong>Kastamonu \u00dcniversitesi<\/strong><\/em><\/h5>\n\n\n\n<p class=\"has-text-align-center\"><strong><span class=\"has-inline-color has-vivid-red-color\">18 May\u0131s 2021, Sal\u0131<br>Saat: 16.00<\/span><\/strong><\/p>\n<\/div>\n<\/div>\n\n\n\n<div class=\"wp-block-columns is-layout-flex wp-container-8\">\n<div class=\"wp-block-column is-layout-flow\"><\/div>\n\n\n\n<div class=\"wp-block-column is-layout-flow\">\n<figure class=\"wp-block-image size-large is-resized\"><img decoding=\"async\" loading=\"lazy\" src=\"https:\/\/anatoliajournal.com\/akademi\/wp-content\/uploads\/2021\/03\/Doc.-Dr.-Bekir-Siddik-Gur.png\" alt=\"\" class=\"wp-image-609\" width=\"169\" height=\"169\" srcset=\"https:\/\/anatoliajournal.com\/akademi\/wp-content\/uploads\/2021\/03\/Doc.-Dr.-Bekir-Siddik-Gur.png 200w, https:\/\/anatoliajournal.com\/akademi\/wp-content\/uploads\/2021\/03\/Doc.-Dr.-Bekir-Siddik-Gur-150x150.png 150w\" sizes=\"(max-width: 169px) 100vw, 169px\" \/><\/figure>\n\n\n\n<h4 class=\"wp-block-heading\"><span class=\"has-inline-color has-vivid-cyan-blue-color\"><strong>T\u00fcrk \u00dcniversite Tarihi<\/strong><\/span><\/h4>\n<\/div>\n\n\n\n<div class=\"wp-block-column is-layout-flow\"><\/div>\n<\/div>\n\n\n\n<h5 class=\"has-text-align-center wp-block-heading\"><strong><span class=\"has-inline-color has-luminous-vivid-orange-color\">Do\u00e7. Dr. Bekir S\u0131dd\u0131k G\u00fcr<\/span><\/strong><br><em>Y\u0131ld\u0131r\u0131m Beyaz\u0131t \u00dcniversitesi<\/em><br><span class=\"has-inline-color has-vivid-red-color\"><strong>25 May\u0131s 2021, <\/strong>Sal\u0131<br><strong>Saat: 16.00<\/strong><\/span><\/h5>\n\n\n\n<hr class=\"wp-block-separator\"\/>\n\n\n\n<div class=\"wp-block-group\"><div class=\"wp-block-group__inner-container is-layout-flow\">\n<div class=\"wp-block-columns is-layout-flex wp-container-10\">\n<div class=\"wp-block-column is-layout-flow\" style=\"flex-basis:100%\"><\/div>\n<\/div>\n<\/div><\/div>\n\n\n\n<h3 style=\"text-align: center;\"><span style=\"font-size: 20px; background-color: #ffffff; color: #3366ff;\"><em><strong>Derslere kat\u0131l\u0131m \u00fccretsizdir.<\/strong><\/em><\/span><\/h3>\n<hr>\n<p style=\"text-align: center;\"><em>\u0130LG\u0130L\u0130 G\u00dcN VE SAATTE DERSE KATILMAK \u0130\u00c7\u0130N A\u015eA\u011eIDAK\u0130 BA\u011eLANTILARI KULLANAB\u0130L\u0130RS\u0130N\u0130Z.<\/em><\/p>\n<p style=\"text-align: center;\"><a href=\"https:\/\/www.facebook.com\/groups\/akademikbulten\" target=\"_blank\" rel=\"noopener noreferrer\"><span style=\"color: #ff6600;\"><strong><span style=\"font-size: inherit;\">https:\/\/www.facebook.com\/groups\/akademikbulten<\/span><\/strong><\/span><\/a><\/p>\n<hr>\n<p style=\"text-align: center;\"><span style=\"font-size: 14px;\"><em>Teknik destek:<\/em> <strong><span style=\"color: #800000;\">Ara\u015f. G\u00f6r. \u00c7a\u011fda\u015f AYDIN<\/span><\/strong><\/span><br><span style=\"font-size: 14px;\">E-posta: aydincagdass@gmail.com&nbsp;<\/span><\/p>\n\n\n\n<iframe loading=\"lazy\" src=\"https:\/\/docs.google.com\/forms\/d\/e\/1FAIpQLSfLNp-9V-nFy8tjFj_ntsyOUl6HIq75710mYf-BtccTBOag6g\/viewform?embedded=true\" width=\"640\" height=\"1492\" frameborder=\"0\" marginheight=\"0\" marginwidth=\"0\">Y\u00fckleniyor\u2026<\/iframe>\n\n\n\n<figure class=\"wp-block-image size-large\"><img decoding=\"async\" src=\"http:\/\/www.anatolia.coderns.com\/wp-content\/uploads\/2020\/12\/Yeni-Microsoft-Word-Belgesi-3-1024x397.jpg\" alt=\"\" class=\"wp-image-323\"\/><\/figure>\n","protected":false},"excerpt":{"rendered":"<p>May\u0131s 2021 CANLI YAYIM ORTAM B\u0130LG\u0130LER\u0130:Tarih:\u00a004 May\u0131s 2021Saat:\u00a016:00Zoom adresi:\u00a0https:\/\/us02web.zoom.us\/j\/82323587121 (\u015eifre gerekmiyor)Facebook:\u00a0Sosyal Bilimler Akademik B\u00fcltenihttps:\/\/www.facebook.com\/groups\/akademikbulten R Yaz\u0131l\u0131m\u0131 ile Veri Bilimine Giri\u015f Prof. \u00d6zlem \u0130lk Da\u011fOrta Do\u011fu Teknik \u00dcniversitesi04 May\u0131s 2021, Sal\u0131Saat: 16.00 Cumhuriyet D\u00f6nemi\u2019nde T\u00fcrkiye\u2019de Bilim Do\u00e7. Dr. \u0130nan Kalayc\u0131ogullar\u0131Ankara \u00dcniversitesi11 May\u0131s 2021, Sal\u0131Saat: 16.00 Osmanl\u0131lar\u2019da Bilim Prof. Dr. Yavuz UnatKastamonu \u00dcniversitesi 18 May\u0131s 2021, Sal\u0131Saat: [&hellip;]<\/p>\n","protected":false},"author":1,"featured_media":0,"parent":55,"menu_order":0,"comment_status":"closed","ping_status":"closed","template":"","meta":[],"acf":[],"_links":{"self":[{"href":"https:\/\/anatoliajournal.com\/akademi\/wp-json\/wp\/v2\/pages\/602"}],"collection":[{"href":"https:\/\/anatoliajournal.com\/akademi\/wp-json\/wp\/v2\/pages"}],"about":[{"href":"https:\/\/anatoliajournal.com\/akademi\/wp-json\/wp\/v2\/types\/page"}],"author":[{"embeddable":true,"href":"https:\/\/anatoliajournal.com\/akademi\/wp-json\/wp\/v2\/users\/1"}],"replies":[{"embeddable":true,"href":"https:\/\/anatoliajournal.com\/akademi\/wp-json\/wp\/v2\/comments?post=602"}],"version-history":[{"count":12,"href":"https:\/\/anatoliajournal.com\/akademi\/wp-json\/wp\/v2\/pages\/602\/revisions"}],"predecessor-version":[{"id":808,"href":"https:\/\/anatoliajournal.com\/akademi\/wp-json\/wp\/v2\/pages\/602\/revisions\/808"}],"up":[{"embeddable":true,"href":"https:\/\/anatoliajournal.com\/akademi\/wp-json\/wp\/v2\/pages\/55"}],"wp:attachment":[{"href":"https:\/\/anatoliajournal.com\/akademi\/wp-json\/wp\/v2\/media?parent=602"}],"curies":[{"name":"wp","href":"https:\/\/api.w.org\/{rel}","templated":true}]}}