{"id":574,"date":"2021-03-11T11:29:38","date_gmt":"2021-03-11T11:29:38","guid":{"rendered":"https:\/\/anatoliajournal.com\/akademi\/?page_id=574"},"modified":"2021-04-22T15:13:53","modified_gmt":"2021-04-22T15:13:53","slug":"nisan-ayi-soylesileri","status":"publish","type":"page","link":"https:\/\/anatoliajournal.com\/akademi\/online-soylesiler\/nisan-ayi-soylesileri\/","title":{"rendered":"Nisan Ay\u0131 S\u00f6yle\u015fileri"},"content":{"rendered":"\n<p class=\"has-text-align-center has-large-font-size\"><span class=\"has-inline-color has-vivid-purple-color\"><strong>Nisan 2021<\/strong><\/span><\/p>\n\n\n\n<p><strong><span class=\"has-inline-color has-vivid-red-color\">CANLI YAYIM ORTAM B\u0130LG\u0130LER\u0130:<\/span><\/strong><br><strong><span class=\"has-inline-color has-vivid-red-color\">Tarih:<\/span><\/strong> <strong><span class=\"has-inline-color has-vivid-cyan-blue-color\">22 Nisan 2021, Per\u015fembe<\/span><\/strong><br><strong><span class=\"has-inline-color has-vivid-red-color\">Saat:<\/span><\/strong> 16:00<br><strong><span class=\"has-inline-color has-vivid-red-color\">Zoom adresi:<\/span><\/strong>  <a href=\"https:\/\/us02web.zoom.us\/j\/88220999768\" target=\"_blank\" rel=\"noreferrer noopener\">https:\/\/us02web.zoom.us\/j\/88220999768 <\/a>(\u015eifre gerekmiyor)<br><span class=\"has-inline-color has-vivid-red-color\"><strong>Facebook:<\/strong> <\/span><strong><em>Sosyal Bilimler Akademik B\u00fclteni<br><a href=\"https:\/\/www.facebook.com\/groups\/akademikbulten\">https:\/\/www.facebook.com\/groups\/akademikbulten<\/a><\/em><\/strong><\/p>\n\n\n\n<hr class=\"wp-block-separator\"\/>\n\n\n\n<div class=\"wp-block-group\"><div class=\"wp-block-group__inner-container is-layout-flow\">\n<div class=\"wp-block-columns is-layout-flex wp-container-8\">\n<div class=\"wp-block-column is-layout-flow\" style=\"flex-basis:100%\">\n<div class=\"wp-block-columns is-layout-flex wp-container-6\">\n<div class=\"wp-block-column is-layout-flow\">\n<div class=\"wp-block-columns is-layout-flex wp-container-4\">\n<div class=\"wp-block-column is-layout-flow\">\n<figure class=\"wp-block-image size-large is-resized\"><img decoding=\"async\" loading=\"lazy\" src=\"https:\/\/anatoliajournal.com\/akademi\/wp-content\/uploads\/2021\/03\/5-1024x540.jpg\" alt=\"\" class=\"wp-image-664\" width=\"245\" height=\"138\"\/><\/figure>\n\n\n\n<h4 class=\"has-text-align-center wp-block-heading\"><span class=\"has-inline-color has-vivid-cyan-blue-color\">Prof. Dr. Asker Kartar\u0131 &#8211; \u0130brahim Demir Anlat\u0131yor<\/span><\/h4>\n\n\n\n<h6 class=\"has-text-align-center wp-block-heading\"><em><em>(Mersin Turizm \u0130\u015fletmecili\u011fi ve <\/em><\/em><br><em><em>Otelcilik Y\u00fcksekokulu (1980 &#8211; 1988)<\/em><\/em><br><span class=\"has-inline-color has-vivid-red-color\"><strong>01 Nisan 2021, Per\u015fembe<\/strong><br><strong>Saat: 16.00<\/strong><\/span><\/h6>\n\n\n\n<div class=\"wp-block-image\"><figure class=\"aligncenter size-large is-resized\"><img decoding=\"async\" loading=\"lazy\" src=\"https:\/\/anatoliajournal.com\/akademi\/wp-content\/uploads\/2021\/03\/Prof.-Dr.-Muzaffer-Uysal-4.jpg\" alt=\"\" class=\"wp-image-648\" width=\"149\" height=\"149\" srcset=\"https:\/\/anatoliajournal.com\/akademi\/wp-content\/uploads\/2021\/03\/Prof.-Dr.-Muzaffer-Uysal-4.jpg 279w, https:\/\/anatoliajournal.com\/akademi\/wp-content\/uploads\/2021\/03\/Prof.-Dr.-Muzaffer-Uysal-4-150x150.jpg 150w\" sizes=\"(max-width: 149px) 100vw, 149px\" \/><\/figure><\/div>\n\n\n\n<h4 class=\"has-text-align-center wp-block-heading\"><span class=\"has-inline-color has-vivid-cyan-blue-color\">Prof. Dr. Muzaffer Uysal<\/span> <span class=\"has-inline-color has-vivid-cyan-blue-color\">Anlat\u0131yor<\/span><\/h4>\n\n\n\n<h6 class=\"has-text-align-center wp-block-heading\"><em><em>(<em>Virginia Polytechnic Institute and State University, University of Massachusetts Amherst,<\/em>&nbsp;ABD<em>)<\/em> <\/em><\/em><br><span class=\"has-inline-color has-vivid-red-color\"><strong>22 Nisan 2021, Per\u015fembe<\/strong><br><strong>Saat: 16.00<\/strong><\/span><\/h6>\n\n\n\n<p><\/p>\n<\/div>\n\n\n\n<div class=\"wp-block-column is-layout-flow\">\n<figure class=\"wp-block-image size-large is-resized\"><img decoding=\"async\" loading=\"lazy\" src=\"https:\/\/anatoliajournal.com\/akademi\/wp-content\/uploads\/2021\/03\/Prof.-Dr.-Ibrahim-Birkan.jpg\" alt=\"\" class=\"wp-image-631\" width=\"134\" height=\"144\"\/><\/figure>\n\n\n\n<h4 class=\"has-text-align-center wp-block-heading\"><span class=\"has-inline-color has-vivid-cyan-blue-color\">Prof. Dr. \u0130brahim Birkan Anlat\u0131yor<\/span><\/h4>\n\n\n\n<h6 class=\"has-text-align-center wp-block-heading\"><em>(<em>Bo\u011fazi\u00e7i \u00dcniversitesi, Bilkent \u00dcniversitesi,. <\/em><\/em><br><em><em>At\u0131l\u0131m \u00dcniversitesi)<\/em><\/em><br><span class=\"has-inline-color has-vivid-red-color\"><strong>08 Nisan 2021, Per\u015fembe<\/strong><br><strong>Saat: 16.00<\/strong><\/span><\/h6>\n\n\n\n<p><\/p>\n<\/div>\n\n\n\n<div class=\"wp-block-column is-layout-flow\">\n<figure class=\"wp-block-image size-large is-resized\"><img decoding=\"async\" loading=\"lazy\" src=\"https:\/\/anatoliajournal.com\/akademi\/wp-content\/uploads\/2021\/03\/Backup_of_5-1024x526.jpg\" alt=\"\" class=\"wp-image-668\" width=\"257\" height=\"140\"\/><\/figure>\n\n\n\n<h4 class=\"has-text-align-center wp-block-heading\"><strong><span class=\"has-inline-color has-vivid-cyan-blue-color\">Orhan Kutluca &#8211; M. \u00dcnver Kozanl\u0131 Anlat\u0131yor<\/span><\/strong><\/h4>\n\n\n\n<h6 class=\"has-text-align-center wp-block-heading\"><em>(<em>Kemer OTEM, Antalya TUREM)<\/em><\/em><br><strong><span class=\"has-inline-color has-vivid-red-color\"><strong>15 Nisan 2021, Per\u015fembe<\/strong><br><strong>Saat: 16.00<\/strong><\/span><\/strong><\/h6>\n\n\n\n<div class=\"wp-block-image\"><figure class=\"aligncenter size-large is-resized\"><img decoding=\"async\" loading=\"lazy\" src=\"https:\/\/anatoliajournal.com\/akademi\/wp-content\/uploads\/2021\/03\/Prof.-Dr.-Cemil-Boyaci-2.jpg\" alt=\"\" class=\"wp-image-649\" width=\"130\" height=\"141\"\/><\/figure><\/div>\n\n\n\n<h4 class=\"has-text-align-center wp-block-heading\"><span class=\"has-inline-color has-vivid-cyan-blue-color\">Prof. Dr. Cemil Boyac\u0131<strong> Anlat\u0131yor<\/strong><\/span><\/h4>\n\n\n\n<h6 class=\"has-text-align-center wp-block-heading\"><em><em>(Akdeniz&nbsp;\u00dcniversitesi Turizm&nbsp;\u0130\u015fletmecili\u011fi ve Otelcilik Y\u00fcksekokulu)<\/em><\/em><\/h6>\n\n\n\n<h6 class=\"has-text-align-center wp-block-heading\"><strong><span class=\"has-inline-color has-vivid-red-color\"><strong>29 Nisan 2021, Per\u015fembe<\/strong><br><strong>Saat: 16.00<\/strong><\/span><\/strong><\/h6>\n\n\n\n<p><\/p>\n<\/div>\n<\/div>\n\n\n\n<p class=\"has-text-align-center\"><\/p>\n\n\n\n<p class=\"has-text-align-center\"><\/p>\n<\/div>\n<\/div>\n<\/div>\n<\/div>\n<\/div><\/div>\n\n\n\n<div style=\"height:30px\" aria-hidden=\"true\" class=\"wp-block-spacer\"><\/div>\n\n\n\n<hr class=\"wp-block-separator\"\/>\n","protected":false},"excerpt":{"rendered":"<p>Nisan 2021 CANLI YAYIM ORTAM B\u0130LG\u0130LER\u0130:Tarih: 22 Nisan 2021, Per\u015fembeSaat: 16:00Zoom adresi: https:\/\/us02web.zoom.us\/j\/88220999768 (\u015eifre gerekmiyor)Facebook: Sosyal Bilimler Akademik B\u00fcltenihttps:\/\/www.facebook.com\/groups\/akademikbulten Prof. Dr. Asker Kartar\u0131 &#8211; \u0130brahim Demir Anlat\u0131yor (Mersin Turizm \u0130\u015fletmecili\u011fi ve Otelcilik Y\u00fcksekokulu (1980 &#8211; 1988)01 Nisan 2021, Per\u015fembeSaat: 16.00 Prof. Dr. Muzaffer Uysal Anlat\u0131yor (Virginia Polytechnic Institute and State University, University of Massachusetts Amherst,&nbsp;ABD) [&hellip;]<\/p>\n","protected":false},"author":1,"featured_media":0,"parent":65,"menu_order":0,"comment_status":"closed","ping_status":"closed","template":"","meta":[],"acf":[],"_links":{"self":[{"href":"https:\/\/anatoliajournal.com\/akademi\/wp-json\/wp\/v2\/pages\/574"}],"collection":[{"href":"https:\/\/anatoliajournal.com\/akademi\/wp-json\/wp\/v2\/pages"}],"about":[{"href":"https:\/\/anatoliajournal.com\/akademi\/wp-json\/wp\/v2\/types\/page"}],"author":[{"embeddable":true,"href":"https:\/\/anatoliajournal.com\/akademi\/wp-json\/wp\/v2\/users\/1"}],"replies":[{"embeddable":true,"href":"https:\/\/anatoliajournal.com\/akademi\/wp-json\/wp\/v2\/comments?post=574"}],"version-history":[{"count":39,"href":"https:\/\/anatoliajournal.com\/akademi\/wp-json\/wp\/v2\/pages\/574\/revisions"}],"predecessor-version":[{"id":799,"href":"https:\/\/anatoliajournal.com\/akademi\/wp-json\/wp\/v2\/pages\/574\/revisions\/799"}],"up":[{"embeddable":true,"href":"https:\/\/anatoliajournal.com\/akademi\/wp-json\/wp\/v2\/pages\/65"}],"wp:attachment":[{"href":"https:\/\/anatoliajournal.com\/akademi\/wp-json\/wp\/v2\/media?parent=574"}],"curies":[{"name":"wp","href":"https:\/\/api.w.org\/{rel}","templated":true}]}}