{"id":572,"date":"2021-03-11T11:29:19","date_gmt":"2021-03-11T11:29:19","guid":{"rendered":"https:\/\/anatoliajournal.com\/akademi\/?page_id=572"},"modified":"2021-04-22T15:13:07","modified_gmt":"2021-04-22T15:13:07","slug":"nisan-ayi-dersleri","status":"publish","type":"page","link":"https:\/\/anatoliajournal.com\/akademi\/online-dersler\/nisan-ayi-dersleri\/","title":{"rendered":"Nisan Ay\u0131 Dersleri"},"content":{"rendered":"\n<p class=\"has-text-align-center has-large-font-size\"><strong><span class=\"has-inline-color has-vivid-cyan-blue-color\">Nisan 2021<\/span><\/strong><\/p>\n\n\n\n<p><strong>CANLI YAYIM ORTAM B\u0130LG\u0130LER\u0130:<\/strong><br><strong>Tarih:<\/strong>\u00a027 Nisan Sal\u0131<br><strong>Saat:<\/strong>\u00a016:00<br><strong>Zoom adresi:<\/strong>\u00a0 <a href=\"https:\/\/us02web.zoom.us\/j\/88220999768\" target=\"_blank\" rel=\"noreferrer noopener\">https:\/\/us02web.zoom.us\/j\/88220999768 <\/a>(\u015eifre gerekmiyor)<br><strong>Facebook:<\/strong>\u00a0<strong><em>Sosyal Bilimler Akademik B\u00fclteni<br><a href=\"https:\/\/www.facebook.com\/groups\/akademikbulten\">https:\/\/www.facebook.com\/groups\/akademikbulten<\/a><\/em><\/strong><\/p>\n\n\n\n<hr class=\"wp-block-separator\"\/>\n\n\n\n<div style=\"height:30px\" aria-hidden=\"true\" class=\"wp-block-spacer\"><\/div>\n\n\n\n<div class=\"wp-block-columns are-vertically-aligned-top is-layout-flex wp-container-4\">\n<div class=\"wp-block-column is-vertically-aligned-top is-layout-flow\">\n<figure class=\"wp-block-image size-large is-resized\"><img decoding=\"async\" loading=\"lazy\" src=\"https:\/\/anatoliajournal.com\/akademi\/wp-content\/uploads\/2021\/03\/Prof.-Dr.-Kemal-Yelekci.jpg\" alt=\"\" class=\"wp-image-583\" width=\"145\" height=\"175\"\/><\/figure>\n\n\n\n<h4 class=\"has-text-align-center wp-block-heading\"><strong><span style=\"color:#007bff\" class=\"has-inline-color\">Antik Yunan\u2019da Bilim<\/span><\/strong><\/h4>\n\n\n\n<p class=\"has-text-align-center\"><strong><span class=\"has-inline-color has-luminous-vivid-orange-color\">Prof. Dr. Kemal Yelek\u00e7i<\/span><\/strong><br><em>Kadir Has \u00dcniversitesi<\/em><br><span class=\"has-inline-color has-vivid-red-color\"><strong>06 Nisan 2021, Sal\u0131<\/strong><br><strong>Saat: 16.00<\/strong><\/span><\/p>\n<\/div>\n\n\n\n<div class=\"wp-block-column is-vertically-aligned-top is-layout-flow\">\n<figure class=\"wp-block-image size-large is-resized\"><img decoding=\"async\" loading=\"lazy\" src=\"https:\/\/anatoliajournal.com\/akademi\/wp-content\/uploads\/2021\/03\/Prof.-Dr.-Yavuz-Unat.jpeg\" alt=\"\" class=\"wp-image-584\" width=\"174\" height=\"175\"\/><\/figure>\n\n\n\n<h4 class=\"has-text-align-center wp-block-heading\"><span style=\"color:#007bff\" class=\"has-inline-color\">\u0130slam D\u00fcnyas\u0131nda Bilim (762 \u2013 1250)<\/span><\/h4>\n\n\n\n<h5 class=\"has-text-align-center wp-block-heading\"><strong><span class=\"has-inline-color has-luminous-vivid-orange-color\">Prof. Dr. Yavuz Unat<\/span><\/strong><br><em>Kastamonu \u00dcniversitesi<\/em><br><span class=\"has-inline-color has-vivid-red-color\"><strong>13 Nisan 2021, <\/strong>Sal\u0131<br><strong>Saat: 16.00<\/strong><\/span><\/h5>\n<\/div>\n\n\n\n<div class=\"wp-block-column is-vertically-aligned-top is-layout-flow\">\n<figure class=\"wp-block-image size-large is-resized\"><img decoding=\"async\" loading=\"lazy\" src=\"https:\/\/anatoliajournal.com\/akademi\/wp-content\/uploads\/2021\/03\/Kadriye-O.-Lewis.jpg\" alt=\"\" class=\"wp-image-585\" width=\"153\" height=\"177\"\/><\/figure>\n\n\n\n<h4 class=\"has-text-align-center wp-block-heading\"><span style=\"color:#007bff\" class=\"has-inline-color\">E\u011fitimde B\u00fcy\u00fck De\u011fi\u015fim ve Gidi\u015fatlar: <\/span><\/h4>\n\n\n\n<h5 class=\"has-text-align-center wp-block-heading\"><span style=\"color:#007bff\" class=\"has-inline-color\">Uzaktan \u00d6\u011fretme ve \u00d6\u011frenme Y\u00f6ntemlerinin \u00dcniversite E\u011fitimindeki Uygulamalar\u0131n\u0131n Gelece\u011fi<\/span><\/h5>\n\n\n\n<h5 class=\"has-text-align-center wp-block-heading\" id=\"block-cae79809-88b4-41f0-ae39-0b88d21c42de\"><strong><span class=\"has-inline-color has-luminous-vivid-orange-color\">Prof. Dr. Kadriye O. Lewis<\/span><\/strong><br><em>University of Missouri-Kansas City, ABD<\/em><\/h5>\n\n\n\n<p class=\"has-text-align-center\"><strong><span class=\"has-inline-color has-vivid-red-color\">20 Nisan 2021, Sal\u0131<br>Saat: 16.00<\/span><\/strong><br><strong><span class=\"has-inline-color has-vivid-cyan-blue-color\">Ders Dosyalar\u0131:<\/span><\/strong><br><strong>Ek-1: <\/strong><a rel=\"noreferrer noopener\" href=\"https:\/\/anatoliajournal.com\/depo\/Ek-1.pdf\" data-type=\"URL\" data-id=\"https:\/\/anatoliajournal.com\/depo\/Ek-1.pdf\" target=\"_blank\">Dersin i\u00e7eri\u011fi<\/a><br><strong>Ek-2:<\/strong> <a rel=\"noreferrer noopener\" href=\"https:\/\/anatoliajournal.com\/depo\/Ek-2.pdf\" data-type=\"URL\" data-id=\"https:\/\/anatoliajournal.com\/depo\/Ek-2.pdf\" target=\"_blank\">E-Learning: Survival Guide for Medical Educator<\/a>s<br><strong>Ek-3:<\/strong> <a rel=\"noreferrer noopener\" href=\"https:\/\/anatoliajournal.com\/depo\/Ek-3.pdf\" data-type=\"URL\" data-id=\"https:\/\/anatoliajournal.com\/depo\/Ek-3.pdf\" target=\"_blank\">Powerful Tips for Highly Productive Virtual Meetings<\/a><\/p>\n<\/div>\n<\/div>\n\n\n\n<div class=\"wp-block-columns is-layout-flex wp-container-8\">\n<div class=\"wp-block-column is-layout-flow\"><\/div>\n\n\n\n<div class=\"wp-block-column is-layout-flow\">\n<figure class=\"wp-block-image size-large is-resized\"><img decoding=\"async\" loading=\"lazy\" src=\"https:\/\/anatoliajournal.com\/akademi\/wp-content\/uploads\/2021\/03\/Prof.-Dr.-Osman-M.-Karatepe.jpg\" alt=\"\" class=\"wp-image-586\" width=\"168\" height=\"177\"\/><\/figure>\n\n\n\n<h4 class=\"wp-block-heading\"><span class=\"has-inline-color has-vivid-cyan-blue-color\">Uluslararas\u0131 Dergilere Makale Haz\u0131rlama ve \u00d6nerme S\u00fcreci<\/span><\/h4>\n<\/div>\n\n\n\n<div class=\"wp-block-column is-layout-flow\"><\/div>\n<\/div>\n\n\n\n<h5 class=\"has-text-align-center wp-block-heading\"><strong><span class=\"has-inline-color has-luminous-vivid-orange-color\">Prof. Dr. Osman M. Karatepe<\/span><\/strong><br><em>Do\u011fu Akdeniz \u00dcniversitesi<\/em>, KKTC<br><span class=\"has-inline-color has-vivid-red-color\"><strong>27 Nisan 2021, <\/strong>Sal\u0131<br><strong>Saat: 16.00<\/strong><\/span><\/h5>\n\n\n\n<hr class=\"wp-block-separator\"\/>\n\n\n\n<div class=\"wp-block-group\"><div class=\"wp-block-group__inner-container is-layout-flow\">\n<div class=\"wp-block-columns is-layout-flex wp-container-10\">\n<div class=\"wp-block-column is-layout-flow\" style=\"flex-basis:100%\"><\/div>\n<\/div>\n<\/div><\/div>\n\n\n\n<h3 style=\"text-align: center;\"><span style=\"font-size: 20px; background-color: #ffffff; color: #3366ff;\"><em><strong>Derslere kat\u0131l\u0131m \u00fccretsizdir.<\/strong><\/em><\/span><\/h3>\n<hr>\n<p style=\"text-align: center;\"><em>\u0130LG\u0130L\u0130 G\u00dcN VE SAATTE DERSE KATILMAK \u0130\u00c7\u0130N A\u015eA\u011eIDAK\u0130 BA\u011eLANTILARI KULLANAB\u0130L\u0130RS\u0130N\u0130Z.<\/em><\/p>\n<p style=\"text-align: center;\"><a href=\"https:\/\/www.facebook.com\/groups\/akademikbulten\" target=\"_blank\" rel=\"noopener noreferrer\"><span style=\"color: #ff6600;\"><strong><span style=\"font-size: inherit;\">https:\/\/www.facebook.com\/groups\/akademikbulten<\/span><\/strong><\/span><\/a><\/p>\n<hr>\n<p style=\"text-align: center;\"><span style=\"font-size: 14px;\"><em>Teknik destek:<\/em> <strong><span style=\"color: #800000;\">Ara\u015f. G\u00f6r. \u00c7a\u011fda\u015f AYDIN<\/span><\/strong><\/span><br><span style=\"font-size: 14px;\">E-posta: aydincagdass@gmail.com&nbsp;<\/span><\/p>\n\n\n\n<iframe loading=\"lazy\" src=\"https:\/\/docs.google.com\/forms\/d\/e\/1FAIpQLSfLNp-9V-nFy8tjFj_ntsyOUl6HIq75710mYf-BtccTBOag6g\/viewform?embedded=true\" width=\"640\" height=\"1492\" frameborder=\"0\" marginheight=\"0\" marginwidth=\"0\">Y\u00fckleniyor\u2026<\/iframe>\n\n\n\n<figure class=\"wp-block-image size-large\"><img decoding=\"async\" src=\"http:\/\/www.anatolia.coderns.com\/wp-content\/uploads\/2020\/12\/Yeni-Microsoft-Word-Belgesi-3-1024x397.jpg\" alt=\"\" class=\"wp-image-323\"\/><\/figure>\n","protected":false},"excerpt":{"rendered":"<p>Nisan 2021 CANLI YAYIM ORTAM B\u0130LG\u0130LER\u0130:Tarih:\u00a027 Nisan Sal\u0131Saat:\u00a016:00Zoom adresi:\u00a0 https:\/\/us02web.zoom.us\/j\/88220999768 (\u015eifre gerekmiyor)Facebook:\u00a0Sosyal Bilimler Akademik B\u00fcltenihttps:\/\/www.facebook.com\/groups\/akademikbulten Antik Yunan\u2019da Bilim Prof. Dr. Kemal Yelek\u00e7iKadir Has \u00dcniversitesi06 Nisan 2021, Sal\u0131Saat: 16.00 \u0130slam D\u00fcnyas\u0131nda Bilim (762 \u2013 1250) Prof. Dr. Yavuz UnatKastamonu \u00dcniversitesi13 Nisan 2021, Sal\u0131Saat: 16.00 E\u011fitimde B\u00fcy\u00fck De\u011fi\u015fim ve Gidi\u015fatlar: Uzaktan \u00d6\u011fretme ve \u00d6\u011frenme Y\u00f6ntemlerinin \u00dcniversite E\u011fitimindeki [&hellip;]<\/p>\n","protected":false},"author":1,"featured_media":0,"parent":55,"menu_order":0,"comment_status":"closed","ping_status":"closed","template":"","meta":[],"acf":[],"_links":{"self":[{"href":"https:\/\/anatoliajournal.com\/akademi\/wp-json\/wp\/v2\/pages\/572"}],"collection":[{"href":"https:\/\/anatoliajournal.com\/akademi\/wp-json\/wp\/v2\/pages"}],"about":[{"href":"https:\/\/anatoliajournal.com\/akademi\/wp-json\/wp\/v2\/types\/page"}],"author":[{"embeddable":true,"href":"https:\/\/anatoliajournal.com\/akademi\/wp-json\/wp\/v2\/users\/1"}],"replies":[{"embeddable":true,"href":"https:\/\/anatoliajournal.com\/akademi\/wp-json\/wp\/v2\/comments?post=572"}],"version-history":[{"count":27,"href":"https:\/\/anatoliajournal.com\/akademi\/wp-json\/wp\/v2\/pages\/572\/revisions"}],"predecessor-version":[{"id":797,"href":"https:\/\/anatoliajournal.com\/akademi\/wp-json\/wp\/v2\/pages\/572\/revisions\/797"}],"up":[{"embeddable":true,"href":"https:\/\/anatoliajournal.com\/akademi\/wp-json\/wp\/v2\/pages\/55"}],"wp:attachment":[{"href":"https:\/\/anatoliajournal.com\/akademi\/wp-json\/wp\/v2\/media?parent=572"}],"curies":[{"name":"wp","href":"https:\/\/api.w.org\/{rel}","templated":true}]}}