{"id":449,"date":"2021-02-04T11:03:03","date_gmt":"2021-02-04T11:03:03","guid":{"rendered":"https:\/\/anatoliajournal.com\/akademi\/?page_id=449"},"modified":"2021-03-18T15:49:18","modified_gmt":"2021-03-18T15:49:18","slug":"mart-ayi-soylesileri","status":"publish","type":"page","link":"https:\/\/anatoliajournal.com\/akademi\/online-soylesiler\/mart-ayi-soylesileri\/","title":{"rendered":"Mart Ay\u0131 S\u00f6yle\u015fileri"},"content":{"rendered":"\n<p class=\"has-text-align-center has-large-font-size\"><span class=\"has-inline-color has-vivid-purple-color\"><strong>Mart 2021<\/strong><\/span><\/p>\n\n\n\n<p class=\"has-text-align-center\"><span class=\"has-inline-color has-vivid-cyan-blue-color\"><strong>Online S\u00f6yle\u015filer, \u00fclkemizde ge\u00e7mi\u015f y\u0131llardan bu yana turizm e\u011fitimi-\u00f6\u011fretimi alan\u0131nda \u00f6\u011fretim \u00fcyesi ve y\u00f6netici olarak g\u00f6rev alm\u0131\u015f hocalar\u0131n an\u0131lar\u0131n\u0131 ve ya\u015fad\u0131klar\u0131n\u0131n konu\u015fulaca\u011f\u0131 bir ortamd\u0131r. S\u00f6yle\u015filere kat\u0131lanlar konu\u015fmac\u0131lara canl\u0131 veya yaz\u0131l\u0131 olarak sorular\u0131n\u0131 sorabileceklerdir.<\/strong><\/span><\/p>\n\n\n\n<p><strong><em><span class=\"has-inline-color has-vivid-green-cyan-color\">S\u00f6yle\u015filer Zoom ve Facebook ortam\u0131nda canl\u0131 yay\u0131mlanacakt\u0131r. Yay\u0131m adresleri her bir s\u00f6yle\u015finin yap\u0131laca\u011f\u0131 g\u00fcn\u00fcn \u00f6\u011fle saatlerinde bu sayfada ilan edilecektir.<\/span><\/em><\/strong><\/p>\n\n\n\n<p><strong><span class=\"has-inline-color has-vivid-red-color\">CANLI YAYIM ORTAM B\u0130LG\u0130LER\u0130:<\/span><\/strong><br><strong><span class=\"has-inline-color has-vivid-red-color\">Tarih:<\/span><\/strong> <strong><span class=\"has-inline-color has-vivid-cyan-blue-color\">25 Mart 2021, Per\u015fembe<\/span><\/strong><br><strong><span class=\"has-inline-color has-vivid-red-color\">Saat:<\/span><\/strong> 16:00<br><strong><span class=\"has-inline-color has-vivid-red-color\">Zoom adresi:<\/span><\/strong>  <a rel=\"noreferrer noopener\" href=\"https:\/\/us02web.zoom.us\/j\/83414476725\" target=\"_blank\">https:\/\/us02web.zoom.us\/j\/89723532376<\/a> (\u015eifre gerekmiyor)<br><span class=\"has-inline-color has-vivid-red-color\"><strong>Facebook:<\/strong> <\/span><strong><em>Sosyal Bilimler Akademik B\u00fclteni<br><a href=\"https:\/\/www.facebook.com\/groups\/akademikbulten\">https:\/\/www.facebook.com\/groups\/akademikbulten<\/a><\/em><\/strong><\/p>\n\n\n\n<hr class=\"wp-block-separator\"\/>\n\n\n\n<div class=\"wp-block-group\"><div class=\"wp-block-group__inner-container is-layout-flow\">\n<div class=\"wp-block-columns is-layout-flex wp-container-8\">\n<div class=\"wp-block-column is-layout-flow\" style=\"flex-basis:100%\">\n<div class=\"wp-block-columns is-layout-flex wp-container-6\">\n<div class=\"wp-block-column is-layout-flow\">\n<div class=\"wp-block-columns is-layout-flex wp-container-4\">\n<div class=\"wp-block-column is-layout-flow\">\n<figure class=\"wp-block-image size-large is-resized\"><img decoding=\"async\" loading=\"lazy\" src=\"https:\/\/anatoliajournal.com\/akademi\/wp-content\/uploads\/2021\/02\/WhatsApp-Image-2021-02-16-at-11.34.25.jpeg\" alt=\"\" class=\"wp-image-531\" width=\"108\" height=\"125\" srcset=\"https:\/\/anatoliajournal.com\/akademi\/wp-content\/uploads\/2021\/02\/WhatsApp-Image-2021-02-16-at-11.34.25.jpeg 298w, https:\/\/anatoliajournal.com\/akademi\/wp-content\/uploads\/2021\/02\/WhatsApp-Image-2021-02-16-at-11.34.25-259x300.jpeg 259w\" sizes=\"(max-width: 108px) 100vw, 108px\" \/><\/figure>\n\n\n\n<h4 class=\"has-text-align-center wp-block-heading\"><span class=\"has-inline-color has-vivid-cyan-blue-color\">H\u00fcseyin Y\u0131ld\u0131r\u0131m Detay Yay\u0131nc\u0131l\u0131k&#8217;\u0131 ve yay\u0131nc\u0131l\u0131k d\u00fcnyas\u0131n\u0131 anlat\u0131yor<\/span><\/h4>\n\n\n\n<h6 class=\"has-text-align-center wp-block-heading\"><em>(<em>Yay\u0131nc\u0131)<\/em><\/em><br><strong>04 Mart 2021, Per\u015fembe<\/strong><br><strong>Saat: 16.00<\/strong><\/h6>\n<\/div>\n\n\n\n<div class=\"wp-block-column is-layout-flow\">\n<figure class=\"wp-block-image size-large is-resized\"><img decoding=\"async\" loading=\"lazy\" src=\"https:\/\/anatoliajournal.com\/akademi\/wp-content\/uploads\/2021\/02\/Prof.-dr.-Faruk-andac-2.jpg\" alt=\"\" class=\"wp-image-513\" width=\"114\" height=\"123\"\/><\/figure>\n\n\n\n<h4 class=\"has-text-align-center wp-block-heading\"><span class=\"has-inline-color has-vivid-cyan-blue-color\">Prof. Dr. Faruk Anda\u00e7 Anlat\u0131yor<\/span><\/h4>\n\n\n\n<h6 class=\"has-text-align-center wp-block-heading\"><em>(<em>Erciyes \u00dcniversitesi Nev\u015fehir Turizm \u0130\u015fletmecili\u011fi ve Otelcilik Y\u00fcksekokulu, Emekli \u00d6\u011fretim \u00dcyesi)<\/em><\/em><br><strong>11 Mart 2021, Per\u015fembe<\/strong><br><strong>Saat: 16.00<\/strong><\/h6>\n<\/div>\n\n\n\n<div class=\"wp-block-column is-layout-flow\">\n<figure class=\"wp-block-image size-large\"><img decoding=\"async\" loading=\"lazy\" width=\"104\" height=\"123\" src=\"https:\/\/anatoliajournal.com\/akademi\/wp-content\/uploads\/2021\/02\/Bike-Kocaoglu-1.jpg\" alt=\"\" class=\"wp-image-514\"\/><\/figure>\n\n\n\n<h4 class=\"has-text-align-center wp-block-heading\"><strong><span class=\"has-inline-color has-vivid-cyan-blue-color\">Prof. Dr. Bike Kocao\u011flu Anlat\u0131yor<\/span><\/strong><\/h4>\n\n\n\n<h6 class=\"has-text-align-center wp-block-heading\"><em>(<em>Bo\u011fazi\u00e7i \u00dcniversitesi Turizm B\u00f6l\u00fcm\u00fc, Emekli \u00d6\u011fretim \u00dcyesi)<\/em><\/em><br><strong>18 Mart 2021, Per\u015fembe<\/strong><br><strong>Saat: 16.00<\/strong><\/h6>\n\n\n\n<p><\/p>\n<\/div>\n<\/div>\n\n\n\n<div class=\"wp-block-image\"><figure class=\"aligncenter size-large is-resized\"><img decoding=\"async\" loading=\"lazy\" src=\"https:\/\/anatoliajournal.com\/akademi\/wp-content\/uploads\/2021\/02\/Yrd.-Doc.-Dr.-Sule-cetin-3.jpg\" alt=\"\" class=\"wp-image-532\" width=\"133\" height=\"155\" srcset=\"https:\/\/anatoliajournal.com\/akademi\/wp-content\/uploads\/2021\/02\/Yrd.-Doc.-Dr.-Sule-cetin-3.jpg 278w, https:\/\/anatoliajournal.com\/akademi\/wp-content\/uploads\/2021\/02\/Yrd.-Doc.-Dr.-Sule-cetin-3-257x300.jpg 257w\" sizes=\"(max-width: 133px) 100vw, 133px\" \/><\/figure><\/div>\n\n\n\n<p class=\"has-text-align-center\"><strong><span class=\"has-inline-color has-vivid-cyan-blue-color\">Yrd. Do\u00e7. Dr. \u015eule \u00c7etin Anlat\u0131yor<\/span><\/strong><\/p>\n\n\n\n<p class=\"has-text-align-center\"><em>(<em>Mersin Turizm \u0130\u015fletmecili\u011fi ve Otelcilik Y\u00fcksekokulu Emekli \u00d6\u011fretim \u00dcyesi)<\/em><\/em><br><strong>25 Mart 2021, Per\u015fembe<\/strong><br><strong>Saat: 16.00<\/strong><\/p>\n<\/div>\n<\/div>\n<\/div>\n<\/div>\n<\/div><\/div>\n\n\n\n<div style=\"height:30px\" aria-hidden=\"true\" class=\"wp-block-spacer\"><\/div>\n\n\n\n<hr class=\"wp-block-separator\"\/>\n","protected":false},"excerpt":{"rendered":"<p>Mart 2021 Online S\u00f6yle\u015filer, \u00fclkemizde ge\u00e7mi\u015f y\u0131llardan bu yana turizm e\u011fitimi-\u00f6\u011fretimi alan\u0131nda \u00f6\u011fretim \u00fcyesi ve y\u00f6netici olarak g\u00f6rev alm\u0131\u015f hocalar\u0131n an\u0131lar\u0131n\u0131 ve ya\u015fad\u0131klar\u0131n\u0131n konu\u015fulaca\u011f\u0131 bir ortamd\u0131r. S\u00f6yle\u015filere kat\u0131lanlar konu\u015fmac\u0131lara canl\u0131 veya yaz\u0131l\u0131 olarak sorular\u0131n\u0131 sorabileceklerdir. S\u00f6yle\u015filer Zoom ve Facebook ortam\u0131nda canl\u0131 yay\u0131mlanacakt\u0131r. Yay\u0131m adresleri her bir s\u00f6yle\u015finin yap\u0131laca\u011f\u0131 g\u00fcn\u00fcn \u00f6\u011fle saatlerinde bu sayfada ilan edilecektir. [&hellip;]<\/p>\n","protected":false},"author":1,"featured_media":0,"parent":65,"menu_order":0,"comment_status":"closed","ping_status":"closed","template":"","meta":[],"acf":[],"_links":{"self":[{"href":"https:\/\/anatoliajournal.com\/akademi\/wp-json\/wp\/v2\/pages\/449"}],"collection":[{"href":"https:\/\/anatoliajournal.com\/akademi\/wp-json\/wp\/v2\/pages"}],"about":[{"href":"https:\/\/anatoliajournal.com\/akademi\/wp-json\/wp\/v2\/types\/page"}],"author":[{"embeddable":true,"href":"https:\/\/anatoliajournal.com\/akademi\/wp-json\/wp\/v2\/users\/1"}],"replies":[{"embeddable":true,"href":"https:\/\/anatoliajournal.com\/akademi\/wp-json\/wp\/v2\/comments?post=449"}],"version-history":[{"count":21,"href":"https:\/\/anatoliajournal.com\/akademi\/wp-json\/wp\/v2\/pages\/449\/revisions"}],"predecessor-version":[{"id":680,"href":"https:\/\/anatoliajournal.com\/akademi\/wp-json\/wp\/v2\/pages\/449\/revisions\/680"}],"up":[{"embeddable":true,"href":"https:\/\/anatoliajournal.com\/akademi\/wp-json\/wp\/v2\/pages\/65"}],"wp:attachment":[{"href":"https:\/\/anatoliajournal.com\/akademi\/wp-json\/wp\/v2\/media?parent=449"}],"curies":[{"name":"wp","href":"https:\/\/api.w.org\/{rel}","templated":true}]}}