{"id":43,"date":"2020-12-24T13:28:35","date_gmt":"2020-12-24T13:28:35","guid":{"rendered":"https:\/\/anatoliajournal.com\/akademi\/?page_id=43"},"modified":"2023-04-27T13:36:13","modified_gmt":"2023-04-27T13:36:13","slug":"ana-sayfa","status":"publish","type":"page","link":"https:\/\/anatoliajournal.com\/akademi\/","title":{"rendered":"Ana Sayfa"},"content":{"rendered":"\n<p><strong>Anatolia Akademisi Konferanslar\u0131 ile \u00fclkemizde say\u0131lar\u0131 her ge\u00e7en g\u00fcn artan turizmle ilgili y\u00fcksek lisans ve doktora programlar\u0131na devam eden \u00f6\u011frencilerin bilgi ve deneyim becerilerinin geli\u015ftirilmesine katk\u0131da bulunulmas\u0131 ama\u00e7lanmaktad\u0131r.\u00a0<\/strong><a href=\"http:\/\/www.anatoliajournal.com\/atad\/?sayfa=anasayfa&amp;lang=tr\"><strong><em>Anatolia Turizm <\/em>Akademisi<\/strong> <\/a><strong>taraf\u0131ndan d\u00fczenlenen online ders ve konferanslar;<\/strong><\/p>\n\n\n\n<ul><li><strong>Ara\u015ft\u0131rma mant\u0131\u011f\u0131,<\/strong><\/li><li><strong>Ara\u015ft\u0131rma nedir, ni\u00e7in yap\u0131l\u0131r?<\/strong><\/li><li><strong>Bilim eti\u011fi,<\/strong><\/li><li><strong>Bilim felsefesi,<\/strong><\/li><li><strong>Bilimsel ara\u015ft\u0131rma d\u00fczeni,<\/strong><\/li><li><strong>Bilimsel dil ve anlat\u0131m,<\/strong><\/li><li><strong>Bilimsel dergi edit\u00f6rl\u00fc\u011f\u00fc ve hakemlik,<\/strong><\/li><li><strong>Etnografik ara\u015ft\u0131rma,<\/strong><\/li><li><strong>Nitel ve nicel ara\u015ft\u0131rma yakla\u015f\u0131mlar\u0131,<\/strong><\/li><li><strong>Lisans\u00fcst\u00fc tez dan\u0131\u015fmanl\u0131\u011f\u0131,<\/strong><\/li><li><strong>Turizm teorisi,<\/strong><\/li><li><strong>T\u00fcrkiye\u2019de akademik\/bilimsel dergiler,<\/strong><\/li><li><strong>Uluslararas\u0131 dergilere makale haz\u0131rlama ve \u00f6nerme s\u00fcreci,<\/strong><\/li><li><strong>Y\u00f6ntem felsefesi, vb.<\/strong><\/li><\/ul>\n\n\n\n<p><strong>konulardan olu\u015fmaktad\u0131r. Online ders ve konferanslar yukar\u0131da s\u0131ralanan konular\u0131 i\u00e7ermektedir.&nbsp;<em>Anatolia Turizm Akademisi Online Dersler ve Konferanslar\u0131,<\/em>&nbsp;alan\u0131nda uzman, deneyimli, ulusal ve uluslararas\u0131 alanda tan\u0131nan akademisyenlerce ilgili kurumlarda ger\u00e7ekle\u015ftirilmektedir. Online derslerin ve konferanslar\u0131n ticari bir amac\u0131 yoktur. Kat\u0131l\u0131m \u00fccretsiz olup, bir d\u00f6nemdeki derslerin y\u00fczde 70\u2019ini izleyenlere kat\u0131l\u0131m belgesi verilmektedir.&nbsp;<\/strong><\/p>\n\n\n\n<hr class=\"wp-block-separator has-css-opacity\"\/>\n\n\n\n<div class=\"wp-block-columns is-layout-flex wp-container-3\">\n<div class=\"wp-block-column is-layout-flow\" style=\"flex-basis:33.33%\">\n<p><\/p>\n<\/div>\n\n\n\n<div class=\"wp-block-column is-vertically-aligned-center is-layout-flow\" style=\"flex-basis:66.66%\">\n<h2 class=\"has-text-align-center wp-block-heading\"><\/h2>\n<\/div>\n<\/div>\n","protected":false},"excerpt":{"rendered":"<p>Anatolia Akademisi Konferanslar\u0131 ile \u00fclkemizde say\u0131lar\u0131 her ge\u00e7en g\u00fcn artan turizmle ilgili y\u00fcksek lisans ve doktora programlar\u0131na devam eden \u00f6\u011frencilerin bilgi ve deneyim becerilerinin geli\u015ftirilmesine katk\u0131da bulunulmas\u0131 ama\u00e7lanmaktad\u0131r.\u00a0Anatolia Turizm Akademisi taraf\u0131ndan d\u00fczenlenen online ders ve konferanslar; Ara\u015ft\u0131rma mant\u0131\u011f\u0131, Ara\u015ft\u0131rma nedir, ni\u00e7in yap\u0131l\u0131r? Bilim eti\u011fi, Bilim felsefesi, Bilimsel ara\u015ft\u0131rma d\u00fczeni, Bilimsel dil ve anlat\u0131m, Bilimsel dergi [&hellip;]<\/p>\n","protected":false},"author":1,"featured_media":0,"parent":0,"menu_order":0,"comment_status":"closed","ping_status":"closed","template":"","meta":[],"acf":[],"_links":{"self":[{"href":"https:\/\/anatoliajournal.com\/akademi\/wp-json\/wp\/v2\/pages\/43"}],"collection":[{"href":"https:\/\/anatoliajournal.com\/akademi\/wp-json\/wp\/v2\/pages"}],"about":[{"href":"https:\/\/anatoliajournal.com\/akademi\/wp-json\/wp\/v2\/types\/page"}],"author":[{"embeddable":true,"href":"https:\/\/anatoliajournal.com\/akademi\/wp-json\/wp\/v2\/users\/1"}],"replies":[{"embeddable":true,"href":"https:\/\/anatoliajournal.com\/akademi\/wp-json\/wp\/v2\/comments?post=43"}],"version-history":[{"count":20,"href":"https:\/\/anatoliajournal.com\/akademi\/wp-json\/wp\/v2\/pages\/43\/revisions"}],"predecessor-version":[{"id":877,"href":"https:\/\/anatoliajournal.com\/akademi\/wp-json\/wp\/v2\/pages\/43\/revisions\/877"}],"wp:attachment":[{"href":"https:\/\/anatoliajournal.com\/akademi\/wp-json\/wp\/v2\/media?parent=43"}],"curies":[{"name":"wp","href":"https:\/\/api.w.org\/{rel}","templated":true}]}}